{"id":9590,"date":"2023-04-03T10:58:58","date_gmt":"2023-04-03T13:58:58","guid":{"rendered":"https:\/\/www.coneau.gob.ar\/coneau\/?page_id=9590"},"modified":"2023-12-19T11:21:25","modified_gmt":"2023-12-19T14:21:25","slug":"microbiologo-y-microbiologo-clinico-e-industrial-2","status":"publish","type":"page","link":"https:\/\/www.coneau.gob.ar\/coneau\/acreditacion-de-carreras\/carreras-de-grado\/convocatorias\/carreras\/microbiologo-y-microbiologo-clinico-e-industrial-2\/","title":{"rendered":"Microbiolog\u00eda"},"content":{"rendered":"<p>Microbiolog\u00eda y Microbiolog\u00eda Cl\u00ednica e Industrial | <a href=\"https:\/\/www.coneau.gob.ar\/coneau\/wp-content\/uploads\/2022\/05\/R.M-1005-2022-Microbiologo-y-Microbiologo-Clinico-e-Industrial-2.pdf\">RESOL-2022-1005-APN-ME<\/a> |\u00a0<a href=\"https:\/\/www.coneau.gob.ar\/coneau\/wp-content\/uploads\/2023\/04\/anexo_6600184_-Microbiologia-1.pdf\">Anexo 1<\/a> &#8211; <a href=\"https:\/\/www.coneau.gob.ar\/coneau\/wp-content\/uploads\/2023\/04\/anexo_6600184_-Microbiologia-2.pdf\">Anexo 2<\/a> &#8211; <a href=\"https:\/\/www.coneau.gob.ar\/coneau\/wp-content\/uploads\/2023\/04\/anexo_6600184_Microbiologia-3.pdf\">Anexo 3<\/a> &#8211; <a href=\"https:\/\/www.coneau.gob.ar\/coneau\/wp-content\/uploads\/2023\/04\/anexo_6600184_-Microbiologia-4.pdf\">Anexo 4<\/a> &#8211;\u00a0 <a href=\"https:\/\/www.coneau.gob.ar\/coneau\/wp-content\/uploads\/2023\/04\/anexo_6600184_Microbiologia-5.pdf\">Anexo 5<\/a><\/p>\n<h3>Convocatoria 2023<\/h3>\n<p><strong><a href=\"https:\/\/www.coneau.gob.ar\/archivos\/resoluciones\/RS-2023-30455302-APN-CONEAU-ME.pdf\">RESFC-2023-41-APN-CONEAU#ME &#8211; <\/a><\/strong>Convocatoria para la acreditaci\u00f3n de carreras\u00a0<span style=\"font-size: medium;\">de Microbiolog\u00eda y Microbiolog\u00eda Cl\u00ednica e Industrial<\/span><\/p>\n<p><strong>\u2666 Formalizaci\u00f3n de la carrera:<\/strong> hasta el d\u00eda 10 de abril de 2023 a trav\u00e9s de <a href=\"https:\/\/global.coneau.gob.ar\/coneauglobal\/\">CONEAU Global.<\/a><\/p>\n<p><strong>\u2666 Apertura de Expediente Electr\u00f3nico:<\/strong> hasta el 10 de abril de 2023 a trav\u00e9s de <a href=\"https:\/\/tramitesadistancia.gob.ar\/tramitesadistancia\/inicio-publico\">TAD<\/a>. Para obtener m\u00e1s informaci\u00f3n sobre este procedimiento <a href=\"https:\/\/www.coneau.gob.ar\/coneau\/acreditacion-de-carreras-2\/\">click aqu\u00ed.<\/a><\/p>\n<p><strong>\u2666 Reuni\u00f3n virtual de consultas sobre los procedimientos y el formulario CONEAU Global:<\/strong> 3 de mayo de 2023<\/p>\n<p><strong>\u2666 Presentaci\u00f3n del formulario CONEAU Global con la respectiva autoevaluaci\u00f3n<\/strong>: 31 de agosto de 2023.<\/p>\n<p><a href=\"https:\/\/www.coneau.gob.ar\/coneau\/sistema-institucional-de-educacion-a-distancia-sied\/\">Ver evaluaci\u00f3n SIED<\/a><\/p>\n<p><u>Mesa de ayuda<\/u><\/p>\n<p><em>\u00c1rea de Sistemas (Consultas T\u00e9cnicas y de Instalaci\u00f3n)<\/em><\/p>\n<p>global@coneau.gob.ar<\/p>\n<p><em>\u00c1rea de Grado<\/em><\/p>\n<p><a href=\"mailto:direcciongrado@coneau.gob.ar\">direcciongrado@coneau.gob.ar<\/a><\/p>\n","protected":false},"excerpt":{"rendered":"<p>Microbiolog\u00eda y Microbiolog\u00eda Cl\u00ednica e Industrial | RESOL-2022-1005-APN-ME |\u00a0Anexo 1 &#8211; Anexo 2 &#8211; Anexo 3 &#8211; Anexo 4 &#8211;\u00a0 Anexo 5 Convocatoria 2023 RESFC-2023-41-APN-CONEAU#ME &#8211; Convocatoria para la acreditaci\u00f3n de carreras\u00a0de Microbiolog\u00eda y Microbiolog\u00eda Cl\u00ednica e Industrial \u2666 Formalizaci\u00f3n de la carrera: hasta el d\u00eda 10 de abril de 2023 a trav\u00e9s de CONEAU &hellip; <a href=\"https:\/\/www.coneau.gob.ar\/coneau\/acreditacion-de-carreras\/carreras-de-grado\/convocatorias\/carreras\/microbiologo-y-microbiologo-clinico-e-industrial-2\/\" class=\"more-link\">Seguir leyendo <span class=\"screen-reader-text\">Microbiolog\u00eda<\/span> <span class=\"meta-nav\">&rarr;<\/span><\/a><\/p>\n","protected":false},"author":2,"featured_media":9065,"parent":355,"menu_order":0,"comment_status":"closed","ping_status":"closed","template":"22-03-2016template-carreras-grado-convocatorias.php","meta":[],"acf":[],"_links":{"self":[{"href":"https:\/\/www.coneau.gob.ar\/coneau\/wp-json\/wp\/v2\/pages\/9590"}],"collection":[{"href":"https:\/\/www.coneau.gob.ar\/coneau\/wp-json\/wp\/v2\/pages"}],"about":[{"href":"https:\/\/www.coneau.gob.ar\/coneau\/wp-json\/wp\/v2\/types\/page"}],"author":[{"embeddable":true,"href":"https:\/\/www.coneau.gob.ar\/coneau\/wp-json\/wp\/v2\/users\/2"}],"replies":[{"embeddable":true,"href":"https:\/\/www.coneau.gob.ar\/coneau\/wp-json\/wp\/v2\/comments?post=9590"}],"version-history":[{"count":19,"href":"https:\/\/www.coneau.gob.ar\/coneau\/wp-json\/wp\/v2\/pages\/9590\/revisions"}],"predecessor-version":[{"id":10791,"href":"https:\/\/www.coneau.gob.ar\/coneau\/wp-json\/wp\/v2\/pages\/9590\/revisions\/10791"}],"up":[{"embeddable":true,"href":"https:\/\/www.coneau.gob.ar\/coneau\/wp-json\/wp\/v2\/pages\/355"}],"wp:featuredmedia":[{"embeddable":true,"href":"https:\/\/www.coneau.gob.ar\/coneau\/wp-json\/wp\/v2\/media\/9065"}],"wp:attachment":[{"href":"https:\/\/www.coneau.gob.ar\/coneau\/wp-json\/wp\/v2\/media?parent=9590"}],"curies":[{"name":"wp","href":"https:\/\/api.w.org\/{rel}","templated":true}]}}

Microbiología

<p>Microbiología y Microbiología Clínica e Industrial | <a href="https://www.coneau.gob.ar/coneau/wp-content/uploads/2022/05/R.M-1005-2022-Microbiologo-y-Microbiologo-Clinico-e-Industrial-2.pdf">RESOL-2022-1005-APN-ME</a> | <a href="https://www.coneau.gob.ar/coneau/wp-content/uploads/2023/04/anexo_6600184_-Microbiologia-1.pdf">Anexo 1</a> &#8211; <a href="https://www.coneau.gob.ar/coneau/wp-content/uploads/2023/04/anexo_6600184_-Microbiologia-2.pdf">Anexo 2</a> &#8211; <a href="https://www.coneau.gob.ar/coneau/wp-content/uploads/2023/04/anexo_6600184_Microbiologia-3.pdf">Anexo 3</a> &#8211; <a href="https://www.coneau.gob.ar/coneau/wp-content/uploads/2023/04/anexo_6600184_-Microbiologia-4.pdf">Anexo 4</a> &#8211;  <a href="https://www.coneau.gob.ar/coneau/wp-content/uploads/2023/04/anexo_6600184_Microbiologia-5.pdf">Anexo 5</a></p>
<h3>Convocatoria 2023</h3>
<p><strong><a href="https://www.coneau.gob.ar/archivos/resoluciones/RS-2023-30455302-APN-CONEAU-ME.pdf">RESFC-2023-41-APN-CONEAU#ME &#8211; </a></strong>Convocatoria para la acreditación de carreras <span style="font-size: medium;">de Microbiología y Microbiología Clínica e Industrial</span></p>
<p><strong>♦ Formalización de la carrera:</strong> hasta el día 10 de abril de 2023 a través de <a href="https://global.coneau.gob.ar/coneauglobal/">CONEAU Global.</a></p>
<p><strong>♦ Apertura de Expediente Electrónico:</strong> hasta el 10 de abril de 2023 a través de <a href="https://tramitesadistancia.gob.ar/tramitesadistancia/inicio-publico">TAD</a>. Para obtener más información sobre este procedimiento <a href="https://www.coneau.gob.ar/coneau/acreditacion-de-carreras-2/">click aquí.</a></p>
<p><strong>♦ Reunión virtual de consultas sobre los procedimientos y el formulario CONEAU Global:</strong> 3 de mayo de 2023</p>
<p><strong>♦ Presentación del formulario CONEAU Global con la respectiva autoevaluación</strong>: 31 de agosto de 2023.</p>
<p><a href="https://www.coneau.gob.ar/coneau/sistema-institucional-de-educacion-a-distancia-sied/">Ver evaluación SIED</a></p>
<p><u>Mesa de ayuda</u></p>
<p><em>Área de Sistemas (Consultas Técnicas y de Instalación)</em></p>
<p>global@coneau.gob.ar</p>
<p><em>Área de Grado</em></p>
<p><a href="mailto:direcciongrado@coneau.gob.ar">direcciongrado@coneau.gob.ar</a></p>

<p>Microbiología y Microbiología Clínica e Industrial | RESOL-2022-1005-APN-ME | Anexo 1 &#8211; Anexo 2 &#8211; Anexo 3 &#8211; Anexo 4 &#8211;  Anexo 5 Convocatoria 2023 RESFC-2023-41-APN-CONEAU#ME &#8211; Convocatoria para la acreditación de carreras de Microbiología y Microbiología Clínica e Industrial ♦ Formalización de la carrera: hasta el día 10 de abril de 2023 a través de CONEAU &hellip; <a href="https://www.coneau.gob.ar/coneau/acreditacion-de-carreras/carreras-de-grado/convocatorias/carreras/microbiologo-y-microbiologo-clinico-e-industrial-2/" class="more-link">Seguir leyendo <span class="screen-reader-text">Microbiología</span> <span class="meta-nav">&rarr;</span></a></p>
