{"id":9588,"date":"2023-03-29T19:13:40","date_gmt":"2023-03-29T22:13:40","guid":{"rendered":"https:\/\/www.coneau.gob.ar\/coneau\/?page_id=9588"},"modified":"2026-03-10T12:31:35","modified_gmt":"2026-03-10T15:31:35","slug":"microbiologo-y-microbiologo-clinico-e-industrial","status":"publish","type":"page","link":"https:\/\/www.coneau.gob.ar\/coneau\/acreditacion-de-carreras\/carreras-de-grado\/convocatorias\/proyectos\/microbiologo-y-microbiologo-clinico-e-industrial\/","title":{"rendered":"Microbiolog\u00eda"},"content":{"rendered":"\n<p><br>Est\u00e1ndares de acreditaci\u00f3n para t\u00edtulos de Microbiolog\u00eda y Microbiolog\u00eda Cl\u00ednica e Industrial |&nbsp;<a href=\"https:\/\/www.coneau.gob.ar\/coneau\/wp-content\/uploads\/2022\/05\/R.M-1005-2022-Microbiologo-y-Microbiologo-Clinico-e-Industrial-2.pdf\">RESOL-2022-1005-APN-ME<\/a>&nbsp;|&nbsp;<a href=\"https:\/\/www.coneau.gob.ar\/coneau\/wp-content\/uploads\/2023\/04\/anexo_6600184_-Microbiologia-1.pdf\">Anexo 1<\/a>&nbsp;\u2013&nbsp;<a href=\"https:\/\/www.coneau.gob.ar\/coneau\/wp-content\/uploads\/2023\/04\/anexo_6600184_-Microbiologia-2.pdf\">Anexo 2<\/a>&nbsp;\u2013&nbsp;<a href=\"https:\/\/www.coneau.gob.ar\/coneau\/wp-content\/uploads\/2023\/04\/anexo_6600184_Microbiologia-3.pdf\">Anexo 3<\/a>&nbsp;\u2013&nbsp;<a href=\"https:\/\/www.coneau.gob.ar\/coneau\/wp-content\/uploads\/2023\/04\/anexo_6600184_-Microbiologia-4.pdf\">Anexo 4<\/a>&nbsp;\u2013&nbsp;&nbsp;<a href=\"https:\/\/www.coneau.gob.ar\/coneau\/wp-content\/uploads\/2023\/04\/anexo_6600184_Microbiologia-5.pdf\">Anexo 5<\/a><\/p>\n\n\n\n<h3 class=\"wp-block-heading has-medium-font-size\">Convocatoria 2026<\/h3>\n\n\n\n<p><br>\u2666 <strong>Formalizaci\u00f3n de proyectos: <\/strong>hasta el 15 marzo de 2026 a trav\u00e9s de <a rel=\"noopener\" title=\"\" href=\"https:\/\/global.coneau.gob.ar\/coneauglobal\/\" target=\"_blank\">CONEAU Global.<\/a><\/p>\n\n\n\n<p>\u2666 <strong>Presentaci\u00f3n de proyectos: <\/strong>hasta el 30 de abril de 2026 a trav\u00e9s de <a rel=\"noopener\" title=\"\" href=\"https:\/\/global.coneau.gob.ar\/coneauglobal\/\" target=\"_blank\">CONEAU Global.<\/a><br><br>\u2666<strong> Apertura del expediente electr\u00f3nico: <\/strong>hasta el 30 de abril de 2026 a trav\u00e9s de<a rel=\"noopener\" title=\"\" href=\"https:\/\/tramitesadistancia.gob.ar\/tramitesadistancia\/inicio-publico\" target=\"_blank\"> TAD<\/a>. Para obtener m\u00e1s informaci\u00f3n sobre este procedimiento <a rel=\"noopener\" title=\"\" href=\"https:\/\/www.coneau.gob.ar\/coneau\/acreditacion-de-carreras-2\/\" target=\"_blank\">click aqu\u00ed.<\/a><\/p>\n\n\n\n<p><strong>\u2666<\/strong><a href=\"https:\/\/www.coneau.gob.ar\/ayuda\/\"><strong>&nbsp;Consultar Tutoriales sobre CONEAU GLOBAL<\/strong><\/a><\/p>\n\n\n\n<hr class=\"wp-block-separator has-text-color has-light-gray-color has-alpha-channel-opacity has-light-gray-background-color has-background is-style-wide\"\/>\n\n\n\n<p><strong>Mesa de ayuda<\/strong><\/p>\n\n\n\n<p><strong>\u00c1rea de Sistemas<\/strong><\/p>\n\n\n\n<p><a href=\"mailto:global@coneau.gob.ar\">global@coneau.gob.ar<\/a>&nbsp;(Consultas t\u00e9cnicas sobre CONEAU Global)<\/p>\n\n\n\n<p><strong>\u00c1rea de Grado<\/strong><br><a href=\"mailto:arquitectura@coneau.gob.ar\">proyectosgrado@coneau.gob.ar<\/a>&nbsp;(Consultas de contenidos)<\/p>\n\n\n\n<p><a href=\"mailto:acreditaciongrado@coneau.gob.ar\">acreditaciongrado@coneau.gob.ar<\/a>&nbsp;(Consultas administrativas)<\/p>\n\n\n\n<p><\/p>\n\n\n\n<p><\/p>\n\n\n\n<p><\/p>\n","protected":false},"excerpt":{"rendered":"<p>Est\u00e1ndares de acreditaci\u00f3n para t\u00edtulos de Microbiolog\u00eda y Microbiolog\u00eda Cl\u00ednica e Industrial |&nbsp;RESOL-2022-1005-APN-ME&nbsp;|&nbsp;Anexo 1&nbsp;\u2013&nbsp;Anexo 2&nbsp;\u2013&nbsp;Anexo 3&nbsp;\u2013&nbsp;Anexo 4&nbsp;\u2013&nbsp;&nbsp;Anexo 5 Convocatoria 2026 \u2666 Formalizaci\u00f3n de proyectos: hasta el 15 marzo de 2026 a trav\u00e9s de CONEAU Global. \u2666 Presentaci\u00f3n de proyectos: hasta el 30 de abril de 2026 a trav\u00e9s de CONEAU Global. \u2666 Apertura del expediente &hellip; <a href=\"https:\/\/www.coneau.gob.ar\/coneau\/acreditacion-de-carreras\/carreras-de-grado\/convocatorias\/proyectos\/microbiologo-y-microbiologo-clinico-e-industrial\/\" class=\"more-link\">Seguir leyendo <span class=\"screen-reader-text\">Microbiolog\u00eda<\/span> <span class=\"meta-nav\">&rarr;<\/span><\/a><\/p>\n","protected":false},"author":2,"featured_media":9065,"parent":357,"menu_order":0,"comment_status":"closed","ping_status":"closed","template":"22-03-2016template-carreras-grado-convocatorias.php","meta":[],"acf":[],"_links":{"self":[{"href":"https:\/\/www.coneau.gob.ar\/coneau\/wp-json\/wp\/v2\/pages\/9588"}],"collection":[{"href":"https:\/\/www.coneau.gob.ar\/coneau\/wp-json\/wp\/v2\/pages"}],"about":[{"href":"https:\/\/www.coneau.gob.ar\/coneau\/wp-json\/wp\/v2\/types\/page"}],"author":[{"embeddable":true,"href":"https:\/\/www.coneau.gob.ar\/coneau\/wp-json\/wp\/v2\/users\/2"}],"replies":[{"embeddable":true,"href":"https:\/\/www.coneau.gob.ar\/coneau\/wp-json\/wp\/v2\/comments?post=9588"}],"version-history":[{"count":24,"href":"https:\/\/www.coneau.gob.ar\/coneau\/wp-json\/wp\/v2\/pages\/9588\/revisions"}],"predecessor-version":[{"id":14352,"href":"https:\/\/www.coneau.gob.ar\/coneau\/wp-json\/wp\/v2\/pages\/9588\/revisions\/14352"}],"up":[{"embeddable":true,"href":"https:\/\/www.coneau.gob.ar\/coneau\/wp-json\/wp\/v2\/pages\/357"}],"wp:featuredmedia":[{"embeddable":true,"href":"https:\/\/www.coneau.gob.ar\/coneau\/wp-json\/wp\/v2\/media\/9065"}],"wp:attachment":[{"href":"https:\/\/www.coneau.gob.ar\/coneau\/wp-json\/wp\/v2\/media?parent=9588"}],"curies":[{"name":"wp","href":"https:\/\/api.w.org\/{rel}","templated":true}]}}