{"id":7779,"date":"2021-12-27T10:14:11","date_gmt":"2021-12-27T13:14:11","guid":{"rendered":"https:\/\/www.coneau.gob.ar\/coneau\/?page_id=7779"},"modified":"2026-02-09T09:07:31","modified_gmt":"2026-02-09T12:07:31","slug":"normativa-3","status":"publish","type":"page","link":"https:\/\/www.coneau.gob.ar\/coneau\/normativa-3\/","title":{"rendered":"Normativas"},"content":{"rendered":"<p>En la presente secci\u00f3n encontrar\u00e1 disponible leyes, resoluciones y documentos relacionados a los procesos de evaluaci\u00f3n\u00a0 y acreditaci\u00f3n que lleva adelante el organismo.<\/p>\n<p><a href=\"https:\/\/www.coneau.gob.ar\/coneau\/wp-content\/uploads\/2021\/08\/vi\u00f1etas.png\"><img decoding=\"async\" loading=\"lazy\" class=\"alignnone  wp-image-7545\" src=\"https:\/\/www.coneau.gob.ar\/coneau\/wp-content\/uploads\/2021\/08\/vi\u00f1etas.png\" alt=\"\" width=\"16\" height=\"16\" srcset=\"https:\/\/www.coneau.gob.ar\/coneau\/wp-content\/uploads\/2021\/08\/vi\u00f1etas.png 225w, https:\/\/www.coneau.gob.ar\/coneau\/wp-content\/uploads\/2021\/08\/vi\u00f1etas-150x150.png 150w\" sizes=\"(max-width: 16px) 100vw, 16px\" \/><\/a>\u00a0 \u00a0\u00a0<a href=\"https:\/\/www.coneau.gob.ar\/coneau\/normativas\/leyes\/\">Leyes.<\/a><\/p>\n<p><a href=\"https:\/\/www.coneau.gob.ar\/coneau\/wp-content\/uploads\/2021\/08\/vi\u00f1etas.png\"><img decoding=\"async\" loading=\"lazy\" class=\"alignnone  wp-image-7545\" src=\"https:\/\/www.coneau.gob.ar\/coneau\/wp-content\/uploads\/2021\/08\/vi\u00f1etas.png\" alt=\"\" width=\"16\" height=\"16\" srcset=\"https:\/\/www.coneau.gob.ar\/coneau\/wp-content\/uploads\/2021\/08\/vi\u00f1etas.png 225w, https:\/\/www.coneau.gob.ar\/coneau\/wp-content\/uploads\/2021\/08\/vi\u00f1etas-150x150.png 150w\" sizes=\"(max-width: 16px) 100vw, 16px\" \/><\/a>\u00a0 \u00a0 <a href=\"https:\/\/www.coneau.gob.ar\/coneau\/normativas\/decretos\/\">Decretos.<\/a><\/p>\n<p><a href=\"https:\/\/www.coneau.gob.ar\/coneau\/wp-content\/uploads\/2021\/08\/vi\u00f1etas.png\"><img decoding=\"async\" loading=\"lazy\" class=\"alignnone  wp-image-7545\" src=\"https:\/\/www.coneau.gob.ar\/coneau\/wp-content\/uploads\/2021\/08\/vi\u00f1etas.png\" alt=\"\" width=\"16\" height=\"16\" srcset=\"https:\/\/www.coneau.gob.ar\/coneau\/wp-content\/uploads\/2021\/08\/vi\u00f1etas.png 225w, https:\/\/www.coneau.gob.ar\/coneau\/wp-content\/uploads\/2021\/08\/vi\u00f1etas-150x150.png 150w\" sizes=\"(max-width: 16px) 100vw, 16px\" \/><\/a>\u00a0 \u00a0 <a href=\"https:\/\/www.coneau.gob.ar\/coneau\/normativas\/resoluciones-ministeriales\/\">Resoluciones Ministeriales.<\/a><\/p>\n<p><a href=\"https:\/\/www.coneau.gob.ar\/coneau\/wp-content\/uploads\/2021\/08\/vi\u00f1etas.png\"><img decoding=\"async\" loading=\"lazy\" class=\"alignnone  wp-image-7545\" src=\"https:\/\/www.coneau.gob.ar\/coneau\/wp-content\/uploads\/2021\/08\/vi\u00f1etas.png\" alt=\"\" width=\"16\" height=\"16\" srcset=\"https:\/\/www.coneau.gob.ar\/coneau\/wp-content\/uploads\/2021\/08\/vi\u00f1etas.png 225w, https:\/\/www.coneau.gob.ar\/coneau\/wp-content\/uploads\/2021\/08\/vi\u00f1etas-150x150.png 150w\" sizes=\"(max-width: 16px) 100vw, 16px\" \/><\/a>\u00a0 \u00a0<a href=\"https:\/\/www.coneau.gob.ar\/coneau\/normativas\/ordenanzas\/\">Ordenanzas.<\/a><\/p>\n<p><a href=\"https:\/\/www.coneau.gob.ar\/coneau\/wp-content\/uploads\/2021\/08\/vi\u00f1etas.png\"><img decoding=\"async\" loading=\"lazy\" class=\"alignnone  wp-image-7545\" src=\"https:\/\/www.coneau.gob.ar\/coneau\/wp-content\/uploads\/2021\/08\/vi\u00f1etas.png\" alt=\"\" width=\"16\" height=\"16\" srcset=\"https:\/\/www.coneau.gob.ar\/coneau\/wp-content\/uploads\/2021\/08\/vi\u00f1etas.png 225w, https:\/\/www.coneau.gob.ar\/coneau\/wp-content\/uploads\/2021\/08\/vi\u00f1etas-150x150.png 150w\" sizes=\"(max-width: 16px) 100vw, 16px\" \/><\/a>\u00a0 \u00a0 <a href=\"https:\/\/www.coneau.gob.ar\/coneau\/actas\/\">Actas.<\/a><\/p>\n","protected":false},"excerpt":{"rendered":"<p>En la presente secci\u00f3n encontrar\u00e1 disponible leyes, resoluciones y documentos relacionados a los procesos de evaluaci\u00f3n\u00a0 y acreditaci\u00f3n que lleva adelante el organismo. \u00a0 \u00a0\u00a0Leyes. \u00a0 \u00a0 Decretos. \u00a0 \u00a0 Resoluciones Ministeriales. \u00a0 \u00a0Ordenanzas. \u00a0 \u00a0 Actas.<\/p>\n","protected":false},"author":3,"featured_media":5696,"parent":0,"menu_order":0,"comment_status":"closed","ping_status":"closed","template":"","meta":[],"acf":[],"_links":{"self":[{"href":"https:\/\/www.coneau.gob.ar\/coneau\/wp-json\/wp\/v2\/pages\/7779"}],"collection":[{"href":"https:\/\/www.coneau.gob.ar\/coneau\/wp-json\/wp\/v2\/pages"}],"about":[{"href":"https:\/\/www.coneau.gob.ar\/coneau\/wp-json\/wp\/v2\/types\/page"}],"author":[{"embeddable":true,"href":"https:\/\/www.coneau.gob.ar\/coneau\/wp-json\/wp\/v2\/users\/3"}],"replies":[{"embeddable":true,"href":"https:\/\/www.coneau.gob.ar\/coneau\/wp-json\/wp\/v2\/comments?post=7779"}],"version-history":[{"count":6,"href":"https:\/\/www.coneau.gob.ar\/coneau\/wp-json\/wp\/v2\/pages\/7779\/revisions"}],"predecessor-version":[{"id":13753,"href":"https:\/\/www.coneau.gob.ar\/coneau\/wp-json\/wp\/v2\/pages\/7779\/revisions\/13753"}],"wp:featuredmedia":[{"embeddable":true,"href":"https:\/\/www.coneau.gob.ar\/coneau\/wp-json\/wp\/v2\/media\/5696"}],"wp:attachment":[{"href":"https:\/\/www.coneau.gob.ar\/coneau\/wp-json\/wp\/v2\/media?parent=7779"}],"curies":[{"name":"wp","href":"https:\/\/api.w.org\/{rel}","templated":true}]}}