{"id":7544,"date":"2021-08-17T17:33:22","date_gmt":"2021-08-17T20:33:22","guid":{"rendered":"https:\/\/www.coneau.gob.ar\/coneau\/?page_id=7544"},"modified":"2026-04-22T16:38:42","modified_gmt":"2026-04-22T19:38:42","slug":"transparencia","status":"publish","type":"page","link":"https:\/\/www.coneau.gob.ar\/coneau\/transparencia\/","title":{"rendered":"Transparencia CONEAU"},"content":{"rendered":"\n<div class=\"wp-block-columns is-layout-flex wp-container-4\">\n<div class=\"wp-block-column is-layout-flow\" style=\"flex-basis:66.66%\">\n<p>La Comisi\u00f3n Nacional de Evaluaci\u00f3n y Acreditaci\u00f3n Universitaria cumple con la&nbsp;<a rel=\"noreferrer noopener\" href=\"https:\/\/servicios.infoleg.gob.ar\/infolegInternet\/anexos\/265000-269999\/265949\/texact.htm\" target=\"_blank\">Ley N\u00b0 27.275 de Acceso a la Informaci\u00f3n P\u00fablica<\/a>, que tiene por objeto garantizar el efectivo ejercicio del derecho de acceso a la informaci\u00f3n p\u00fablica, promover la participaci\u00f3n ciudadana y la transparencia de la gesti\u00f3n p\u00fablica.<\/p>\n\n\n\n<p>En su art\u00edculo 32 la ley establece la obligaci\u00f3n de publicar activamente informaci\u00f3n de manera clara, estructurada y entendible, procurando remover toda barrera que obstaculice o dificulte su reutilizaci\u00f3n por parte de terceros y permiti\u00e9ndole a la ciudadan\u00eda conocer qu\u00e9 hace el Estado.<\/p>\n\n\n\n<p>Para conocer m\u00e1s sobre la tem\u00e1tica de transparencia gubernamental y el porqu\u00e9 de su importancia se desarroll\u00f3 un sitio con informaci\u00f3n.<\/p>\n\n\n\n<div class=\"wp-block-buttons is-layout-flex\">\n<div class=\"wp-block-button\"><a class=\"wp-block-button__link wp-element-button\">ingres\u00e1 al portal nacional de transparencia<\/a><\/div>\n<\/div>\n\n\n\n<hr class=\"wp-block-separator has-alpha-channel-opacity\"\/>\n\n\n\n<p><strong>En caso de alguna duda respecto a la informaci\u00f3n aqu\u00ed publicada pod\u00e9s contactarte con la persona Responsable de Transparencia<\/strong>:<\/p>\n\n\n\n<ul>\n<li>&#8211; Nombre y apellido: Mgter. Leandro Mousseaud<\/li>\n\n\n\n<li>&#8211; Correo electr\u00f3nico: lmousseaud@coneau.gob.ar<\/li>\n\n\n\n<li>&#8211; Tel\u00e9fono: (54 &#8211; 11) 4819 &#8211; 9050<\/li>\n<\/ul>\n\n\n\n<hr class=\"wp-block-separator has-alpha-channel-opacity\"\/>\n\n\n\n<p class=\"has-light-gray-background-color has-background\"><strong>La Agencia de Acceso a la Informaci\u00f3n P\u00fablica es el \u00f3rgano garante de las Pol\u00edticas de Transparencia de los organismos<\/strong>. Para corroborar el grado de cumplimiento de los compromisos de transparencia pod\u00e9s acceder a&nbsp;<a rel=\"noreferrer noopener\" href=\"https:\/\/www.argentina.gob.ar\/aaip\/transparenciayparticipacion\/indice-de-transparencia-activa\" target=\"_blank\">los resultados del \u00cdndice de Transparencia<\/a>.<\/p>\n<\/div>\n\n\n\n<div class=\"wp-block-column is-layout-flow\" style=\"flex-basis:33.33%\">\n<div style=\"background-color: #ffffff; padding: 30px; border-radius: 4px; border-top: 3px solid #00204d; max-width: 700px; font-family: 'Helvetica Neue', Helvetica, Arial, sans-serif; box-shadow: 0 4px 15px rgba(0,0,0,0.05);\">\n\n    \n\n    <div style=\"display: block; margin-bottom: 30px; font-size: 12px; letter-spacing: o.5px; color: #888; text-transform: uppercase;\">\n\n        A continuaci\u00f3n vas a encontrar en cada pesta\u00f1a un \u00edtem tem\u00e1tico con informaci\u00f3n de car\u00e1cter p\u00fablico y actualizada:\n\n    <\/div>\n\n\n\n    <div style=\"display: grid; grid-template-columns: repeat(auto-fit, minmax(280px, 1fr)); gap: 15px;\">\n\n        \n\n        <a href=\"https:\/\/www.coneau.gob.ar\/coneau\/mision-y-servicios\/\" class=\"btn-transparencia\" style=\"display: flex; align-items: center; padding: 14px 20px; background: #fff; border: 1px solid #eaeaea; border-radius: 2px; text-decoration: none; color: #555; font-size: 12px; transition: all 0.3s ease; letter-spacing: 0.3px;\">\n\n            <span style=\"width: 8px; height: 8px; background: #00204d; border-radius: 50%; margin-right: 12px; opacity: 0.6;\"><\/span>\n\n            MISI\u00d3N Y SERVICIOS A LA CIUDADAN\u00cdA\n\n        <\/a>\n\n\n\n        <a href=\"https:\/\/www.coneau.gob.ar\/coneau\/participacion-ciudadana\/\" class=\"btn-transparencia\" style=\"display: flex; align-items: center; padding: 14px 20px; background: #fff; border: 1px solid #eaeaea; border-radius: 2px; text-decoration: none; color: #555; font-size: 12px; transition: all 0.3s ease; letter-spacing: 0.3px;\">\n\n            <span style=\"width: 8px; height: 8px; background: #00204d; border-radius: 50%; margin-right: 12px; opacity: 0.6;\"><\/span>\n\n            PARTICIPACI\u00d3N CIUDADANA\n\n        <\/a>\n\n\n\n        <a href=\"https:\/\/www.coneau.gob.ar\/coneau\/organigrama-autoridades-y-personal\/\" class=\"btn-transparencia\" style=\"display: flex; align-items: center; padding: 14px 20px; background: #fff; border: 1px solid #eaeaea; border-radius: 2px; text-decoration: none; color: #555; font-size: 12px; transition: all 0.3s ease; letter-spacing: 0.3px;\">\n\n            <span style=\"width: 8px; height: 8px; background: #00204d; border-radius: 50%; margin-right: 12px; opacity: 0.6;\"><\/span>\n\n            ORGANIGRAMA, AUTORIDADES Y PERSONAL\n\n        <\/a>\n\n\n\n        <a href=\"https:\/\/www.coneau.gob.ar\/coneau\/declaraciones-juradas\/\" class=\"btn-transparencia\" style=\"display: flex; align-items: center; padding: 14px 20px; background: #fff; border: 1px solid #eaeaea; border-radius: 2px; text-decoration: none; color: #555; font-size: 12px; transition: all 0.3s ease; letter-spacing: 0.3px;\">\n\n            <span style=\"width: 8px; height: 8px; background: #00204d; border-radius: 50%; margin-right: 12px; opacity: 0.6;\"><\/span>\n\n            DECLARACIONES JURADAS\n\n        <\/a>\n\n\n\n        <a href=\"https:\/\/www.coneau.gob.ar\/coneau\/escalas-salariales\/\" class=\"btn-transparencia\" style=\"display: flex; align-items: center; padding: 14px 20px; background: #fff; border: 1px solid #eaeaea; border-radius: 2px; text-decoration: none; color: #555; font-size: 12px; transition: all 0.3s ease; letter-spacing: 0.3px;\">\n\n            <span style=\"width: 8px; height: 8px; background: #00204d; border-radius: 50%; margin-right: 12px; opacity: 0.6;\"><\/span>\n\n            ESCALAS SALARIALES\n\n        <\/a>\n\n\n\n        <a href=\"https:\/\/www.coneau.gob.ar\/coneau\/presupuesto\/\" class=\"btn-transparencia\" style=\"display: flex; align-items: center; padding: 14px 20px; background: #fff; border: 1px solid #eaeaea; border-radius: 2px; text-decoration: none; color: #555; font-size: 12px; transition: all 0.3s ease; letter-spacing: 0.3px;\">\n\n            <span style=\"width: 8px; height: 8px; background: #00204d; border-radius: 50%; margin-right: 12px; opacity: 0.6;\"><\/span>\n\n            PRESUPUESTO\n\n        <\/a>\n\n\n\n        <a href=\"https:\/\/www.coneau.gob.ar\/coneau\/transferencias\/\" class=\"btn-transparencia\" style=\"display: flex; align-items: center; padding: 14px 20px; background: #fff; border: 1px solid #eaeaea; border-radius: 2px; text-decoration: none; color: #555; font-size: 12px; transition: all 0.3s ease; letter-spacing: 0.3px;\">\n\n            <span style=\"width: 8px; height: 8px; background: #00204d; border-radius: 50%; margin-right: 12px; opacity: 0.6;\"><\/span>\n\n            TRANSFERENCIAS\n\n        <\/a>\n\n\n\n        <a href=\"https:\/\/www.coneau.gob.ar\/coneau\/compras-y-contrataciones-2\/\" class=\"btn-transparencia\" style=\"display: flex; align-items: center; padding: 14px 20px; background: #fff; border: 1px solid #eaeaea; border-radius: 2px; text-decoration: none; color: #555; font-size: 12px; transition: all 0.3s ease; letter-spacing: 0.3px;\">\n\n            <span style=\"width: 8px; height: 8px; background: #00204d; border-radius: 50%; margin-right: 12px; opacity: 0.6;\"><\/span>\n\n            COMPRAS Y CONTRATACIONES\n\n        <\/a>\n\n\n\n        <a href=\"https:\/\/www.coneau.gob.ar\/coneau\/gestion-de-la-informacion\/\" class=\"btn-transparencia\" style=\"display: flex; align-items: center; padding: 14px 20px; background: #fff; border: 1px solid #eaeaea; border-radius: 2px; text-decoration: none; color: #555; font-size: 12px; transition: all 0.3s ease; letter-spacing: 0.3px;\">\n\n            <span style=\"width: 8px; height: 8px; background: #00204d; border-radius: 50%; margin-right: 12px; opacity: 0.6;\"><\/span>\n\n            GESTI\u00d3N DE LA INFORMACI\u00d3N\n\n        <\/a>\n\n\n\n        <a href=\"https:\/\/www.coneau.gob.ar\/coneau\/actos-administrativos\/\" class=\"btn-transparencia\" style=\"display: flex; align-items: center; padding: 14px 20px; background: #fff; border: 1px solid #eaeaea; border-radius: 2px; text-decoration: none; color: #555; font-size: 12px; transition: all 0.3s ease; letter-spacing: 0.3px;\">\n\n            <span style=\"width: 8px; height: 8px; background: #00204d; border-radius: 50%; margin-right: 12px; opacity: 0.6;\"><\/span>\n\n            ACTOS ADMINISTRATIVOS\n\n        <\/a>\n\n\n\n        <a href=\"https:\/\/www.coneau.gob.ar\/coneau\/auditorias-y-evaluaciones\/\" class=\"btn-transparencia\" style=\"display: flex; align-items: center; padding: 14px 20px; background: #fff; border: 1px solid #eaeaea; border-radius: 2px; text-decoration: none; color: #555; font-size: 12px; transition: all 0.3s ease; letter-spacing: 0.3px;\">\n\n            <span style=\"width: 8px; height: 8px; background: #00204d; border-radius: 50%; margin-right: 12px; opacity: 0.6;\"><\/span>\n\n            AUDITOR\u00cdAS Y EVALUACIONES\n\n        <\/a>\n\n\n\n        <a href=\"https:\/\/www.coneau.gob.ar\/coneau\/permisos-y-concesiones\/\" class=\"btn-transparencia\" style=\"display: flex; align-items: center; padding: 14px 20px; background: #fff; border: 1px solid #eaeaea; border-radius: 2px; text-decoration: none; color: #555; font-size: 12px; transition: all 0.3s ease; letter-spacing: 0.3px;\">\n\n            <span style=\"width: 8px; height: 8px; background: #00204d; border-radius: 50%; margin-right: 12px; opacity: 0.6;\"><\/span>\n\n            PERMISOS Y CONCESIONES\n\n        <\/a>\n\n\n\n        <a href=\"https:\/\/www.coneau.gob.ar\/coneau\/obsequios-y-viajes\/\" class=\"btn-transparencia\" style=\"display: flex; align-items: center; padding: 14px 20px; background: #fff; border: 1px solid #eaeaea; border-radius: 2px; text-decoration: none; color: #555; font-size: 12px; transition: all 0.3s ease; letter-spacing: 0.3px;\">\n\n            <span style=\"width: 8px; height: 8px; background: #00204d; border-radius: 50%; margin-right: 12px; opacity: 0.6;\"><\/span>\n\n            OBSEQUIOS Y VIAJES\n\n        <\/a>\n\n\n\n        <a href=\"https:\/\/www.coneau.gob.ar\/coneau\/acordadas-y-sentencias\/\" class=\"btn-transparencia\" style=\"display: flex; align-items: center; padding: 14px 20px; background: #fff; border: 1px solid #eaeaea; border-radius: 2px; text-decoration: none; color: #555; font-size: 12px; transition: all 0.3s ease; letter-spacing: 0.3px;\">\n\n            <span style=\"width: 8px; height: 8px; background: #00204d; border-radius: 50%; margin-right: 12px; opacity: 0.6;\"><\/span>\n\n            ACORDADAS Y SENTENCIAS\n\n        <\/a>\n\n\n\n        <a href=\"https:\/\/www.coneau.gob.ar\/coneau\/solicitar-informacion\/\" class=\"btn-transparencia\" style=\"display: flex; align-items: center; padding: 14px 20px; background: #fff; border: 1px solid #eaeaea; border-radius: 2px; text-decoration: none; color: #555; font-size: 12px; transition: all 0.3s ease; letter-spacing: 0.3px;\">\n\n            <span style=\"width: 8px; height: 8px; background: #00204d; border-radius: 50%; margin-right: 12px; opacity: 0.6;\"><\/span>\n\n            SOLICITAR INFORMACI\u00d3N\n\n        <\/a>\n\n\n\n        <a href=\"https:\/\/www.coneau.gob.ar\/coneau\/catalogo-de-datos-abiertos\/\" class=\"btn-transparencia\" style=\"display: flex; align-items: center; padding: 14px 20px; background: #fff; border: 1px solid #eaeaea; border-radius: 2px; text-decoration: none; color: #555; font-size: 12px; transition: all 0.3s ease; letter-spacing: 0.3px;\">\n\n            <span style=\"width: 8px; height: 8px; background: #00204d; border-radius: 50%; margin-right: 12px; opacity: 0.6;\"><\/span>\n\n            CAT\u00c1LOGO DE DATOS P\u00daBLICOS\n\n        <\/a>\n\n\n\n        <a href=\"https:\/\/www.coneau.gob.ar\/coneau\/transparencia-proactiva\/\" class=\"btn-transparencia\" style=\"display: flex; align-items: center; padding: 14px 20px; background: #fff; border: 1px solid #eaeaea; border-radius: 2px; text-decoration: none; color: #555; font-size: 12px; transition: all 0.3s ease; letter-spacing: 0.3px;\">\n\n            <span style=\"width: 8px; height: 8px; background: #00204d; border-radius: 50%; margin-right: 12px; opacity: 0.6;\"><\/span>\n\n            TRANSPARENCIA PROACTIVA\n\n        <\/a>\n\n    <\/div>\n\n<\/div>\n\n\n\n<style>\n\n    .btn-transparencia:hover {\n\n        border-color: #10b8c7 !important;\n\n        background-color: #f0fbff !important;\n\n        color: #10b8c7 !important;\n\n        transform: translateY(-2px);\n\n        box-shadow: 0 4px 8px rgba(0,0,0,0.05);\n\n    }\n\n<\/style>\n<\/div>\n<\/div>\n","protected":false},"excerpt":{"rendered":"<p>La Comisi\u00f3n Nacional de Evaluaci\u00f3n y Acreditaci\u00f3n Universitaria cumple con la&nbsp;Ley N\u00b0 27.275 de Acceso a la Informaci\u00f3n P\u00fablica, que tiene por objeto garantizar el efectivo ejercicio del derecho de acceso a la informaci\u00f3n p\u00fablica, promover la participaci\u00f3n ciudadana y la transparencia de la gesti\u00f3n p\u00fablica. En su art\u00edculo 32 la ley establece la obligaci\u00f3n &hellip; <a href=\"https:\/\/www.coneau.gob.ar\/coneau\/transparencia\/\" class=\"more-link\">Seguir leyendo <span class=\"screen-reader-text\">Transparencia CONEAU<\/span> <span class=\"meta-nav\">&rarr;<\/span><\/a><\/p>\n","protected":false},"author":3,"featured_media":6553,"parent":0,"menu_order":0,"comment_status":"closed","ping_status":"closed","template":"","meta":[],"acf":[],"_links":{"self":[{"href":"https:\/\/www.coneau.gob.ar\/coneau\/wp-json\/wp\/v2\/pages\/7544"}],"collection":[{"href":"https:\/\/www.coneau.gob.ar\/coneau\/wp-json\/wp\/v2\/pages"}],"about":[{"href":"https:\/\/www.coneau.gob.ar\/coneau\/wp-json\/wp\/v2\/types\/page"}],"author":[{"embeddable":true,"href":"https:\/\/www.coneau.gob.ar\/coneau\/wp-json\/wp\/v2\/users\/3"}],"replies":[{"embeddable":true,"href":"https:\/\/www.coneau.gob.ar\/coneau\/wp-json\/wp\/v2\/comments?post=7544"}],"version-history":[{"count":55,"href":"https:\/\/www.coneau.gob.ar\/coneau\/wp-json\/wp\/v2\/pages\/7544\/revisions"}],"predecessor-version":[{"id":14750,"href":"https:\/\/www.coneau.gob.ar\/coneau\/wp-json\/wp\/v2\/pages\/7544\/revisions\/14750"}],"wp:featuredmedia":[{"embeddable":true,"href":"https:\/\/www.coneau.gob.ar\/coneau\/wp-json\/wp\/v2\/media\/6553"}],"wp:attachment":[{"href":"https:\/\/www.coneau.gob.ar\/coneau\/wp-json\/wp\/v2\/media?parent=7544"}],"curies":[{"name":"wp","href":"https:\/\/api.w.org\/{rel}","templated":true}]}}