{"id":599,"date":"2015-07-10T18:29:39","date_gmt":"2015-07-10T18:29:39","guid":{"rendered":"http:\/\/hakuna.com.ar\/projects\/coneau\/wordpress\/?page_id=599"},"modified":"2025-09-08T00:09:29","modified_gmt":"2025-09-08T03:09:29","slug":"psicologia","status":"publish","type":"page","link":"https:\/\/www.coneau.gob.ar\/coneau\/acreditacion-de-carreras\/carreras-de-grado\/convocatorias\/carreras\/psicologia\/","title":{"rendered":"Psicolog\u00eda"},"content":{"rendered":"<p>Resoluci\u00f3n de est\u00e1ndares para las carreras de Psicolog\u00eda: <a href=\"https:\/\/www.coneau.gob.ar\/archivos\/resoluciones\/RS-2025-72711018-APN-SE-MCH-Psicologia.pdf\"><strong>RESOL-2025-987-APN-SE#MCH<\/strong> <\/a><a href=\"https:\/\/www.coneau.gob.ar\/archivos\/resoluciones\/IF-2024-133032764-APN-SSPU-MCH-Anexo-Psicologia.pdf\">Anexo 1<\/a> | <a href=\"https:\/\/www.coneau.gob.ar\/archivos\/resoluciones\/IF-2024-133041363-APN-SSPU-MCH-Anexo-Psicologia.pdf\">Anexo 2<\/a> | <a href=\"https:\/\/www.coneau.gob.ar\/archivos\/resoluciones\/IF-2024-133045304-APN-SSPU-MCH-Anexo-Psicologia.pdf\">Anexo 3<\/a> | <a href=\"https:\/\/www.coneau.gob.ar\/archivos\/resoluciones\/IF-2024-133050359-APN-SSPU-MCH-Anexo-Psicologia.pdf\">Anexo 4<\/a><\/p>\n<h4><strong>Convocatoria\u00a02018<\/strong><\/h4>\n<p><strong><a href=\"https:\/\/www.coneau.gob.ar\/archivos\/resoluciones\/RS-2018-48097323-APN-CONEAU-MECCYT.pdf\" target=\"_blank\" rel=\"noopener noreferrer\">RESFC-2018-48-APN-CONEAU#MECCYT<\/a> <span style=\"color: #000000;\">Convocatoria para la acreditaci\u00f3n de carreras\u00a0Psicolog\u00eda.<\/span><\/strong><\/p>\n<p><strong><span style=\"color: #000000;\">\u2666<\/span>\u00a0<a href=\"https:\/\/www.coneau.gob.ar\/coneau\/wp-content\/uploads\/2020\/08\/IF-2020-50493513-APN-CONEAUME-Ordenanza-N%C2%B0-070.pdf\" target=\"_blank\" rel=\"noopener noreferrer\">Ordenanza CONEAU N\u00b0 70<\/a>\u00a0|\u00a0<\/strong><a href=\"https:\/\/www.coneau.gob.ar\/archivos\/ordenanzas\/Orde070.pdf\" target=\"_blank\" rel=\"noopener noreferrer\">RESFC-2020-241-APN-CONEAU#ME<\/a><\/p>\n<p><span style=\"color: #000000;\">\u2666<a style=\"color: #000000;\" href=\"https:\/\/www.coneau.gob.ar\/ayuda\/\" target=\"_blank\" rel=\"noopener noreferrer\">\u00a0<\/a><strong>F<\/strong><strong>ormalizaci\u00f3n de la carrera:<\/strong>\u00a0hasta el 8 de octubre a trav\u00e9s de\u00a0<a href=\"https:\/\/global.coneau.gob.ar\/coneauglobal\/\" target=\"_blank\" rel=\"noopener noreferrer\">CONEAU Global.<\/a><\/span><\/p>\n<p><span style=\"color: #000000;\">\u2666\u00a0<strong>Taller de Autoevaluaci\u00f3n:\u00a0<\/strong>semana del 16 de octubre de 2018<\/span><\/p>\n<p><span style=\"color: #000000;\">\u2666<a style=\"color: #000000;\" href=\"https:\/\/www.coneau.gob.ar\/ayuda\/\" target=\"_blank\" rel=\"noopener noreferrer\">\u00a0<strong>F<\/strong><\/a><strong>icha docente:<\/strong> a trav\u00e9s de\u00a0<a href=\"https:\/\/global.coneau.gob.ar\/coneauglobal\/\" target=\"_blank\" rel=\"noopener noreferrer\">CONEAU Global.<\/a><\/span><\/p>\n<p><span style=\"color: #000000;\"><a style=\"color: #000000;\" href=\"https:\/\/www.coneau.gob.ar\/ayuda\/\" target=\"_blank\" rel=\"noopener noreferrer\">\u2666\u00a0<strong>S<\/strong><\/a><strong>olicitud de acreditaci\u00f3n de la carrera:<\/strong> hasta el 29 de marzo de 2019 a trav\u00e9s de\u00a0<a style=\"color: #000000;\" href=\"https:\/\/172.16.0.3\/coneauglobal\/docentes\/login.aspx\" target=\"_blank\" rel=\"noopener noreferrer\">CONEAU Global.<\/a><\/span><\/p>\n<p><span style=\"color: #000000;\">\u2666\u00a0<a href=\"https:\/\/www.coneau.gob.ar\/coneau\/acreditacion-de-carreras-2\/\" target=\"_blank\" rel=\"noopener noreferrer\"><strong>Para obtener m\u00e1s informaci\u00f3n sobre<\/strong>\u00a0<strong>Expedientes Electr\u00f3nicos en Plataforma -TAD- Tr\u00e1mites a Distancia<\/strong>\u00a0<strong>click aqu\u00ed<\/strong><\/a><\/span><\/p>\n<p><span style=\"color: #000000;\">\u2666<\/span>\u00a0<strong><a href=\"https:\/\/www.coneau.gob.ar\/?page_id=3525\">Ver evaluaci\u00f3n de SIED<\/a><\/strong><\/p>\n<p><span style=\"color: #000000;\">\u2666<\/span>\u00a0<a href=\"https:\/\/www.coneau.gob.ar\/ayuda\/\">Consultar<strong> Tutoriales sobre CONEAU GLOBAL<\/strong><\/a><\/p>\n<p><span style=\"color: #000000;\"><strong>Convocatoria (2017)<\/strong><\/span><\/p>\n<p><a href=\"https:\/\/www.coneau.gob.ar\/archivos\/resoluciones\/RS-2017-15633883-APN-CONEAU-23ME.pdf\" target=\"_blank\" rel=\"noopener noreferrer\">Resoluci\u00f3n\u00a0RESFC-2017-309-APN-CONEAU#ME\u00a0Convocatoria para la acreditaci\u00f3n de carreras\u00a0Psicolog\u00eda.<\/a><\/p>\n<p><span style=\"color: #000000;\"><strong>Convocatoria (2016)<\/strong><\/span><\/p>\n<p><a href=\"https:\/\/www.coneau.gob.ar\/archivos\/resoluciones\/Res500-16.pdf\" target=\"_blank\" rel=\"noopener noreferrer\">Resoluci\u00f3n CONEAU N\u00ba500\/16\u2013 Convocatoria para la acreditaci\u00f3n de carreras de Psicolog\u00eda y Licenciatura en Psicolog\u00eda.<\/a><\/p>\n<p><span style=\"color: #000000;\"><strong>Convocatoria (2011)<\/strong><\/span><\/p>\n<p><a href=\"https:\/\/www.coneau.gob.ar\/archivos\/form11psico\/Res159-11.pdf\">Resoluci\u00f3n CONEAU N\u00b0 159\/11 Convocatoria para la acreditaci\u00f3n de carreras de grado de Psicolog\u00eda y Licenciatura en Psicolog\u00eda.<\/a><\/p>\n<blockquote><p><strong>Mesa de ayuda<\/strong><\/p><\/blockquote>\n<blockquote><p><span style=\"color: #3771b0;\"><strong>\u00c1rea de Sistemas <\/strong><\/span>(Consultas T\u00e9cnicas y de Instalaci\u00f3n)<\/p>\n<p>Generales del Formulario: <a href=\"mailto:instructivogrado@coneau.gob.ar\">instructivogrado@coneau.gob.ar<\/a><\/p>\n<p>Sobre CONEAU Global: <a href=\"mailto:global@coneau.gob.ar\">global@coneau.gob.ar<\/a><\/p><\/blockquote>\n<blockquote><p><span style=\"color: #3771b0;\"><strong>\u00c1rea de Grado<\/strong><\/span> (Consultas de contenidos)<br \/>\npsicologia@coneau.gob.ar<\/p><\/blockquote>\n","protected":false},"excerpt":{"rendered":"<p>Resoluci\u00f3n de est\u00e1ndares para las carreras de Psicolog\u00eda: RESOL-2025-987-APN-SE#MCH Anexo 1 | Anexo 2 | Anexo 3 | Anexo 4 Convocatoria\u00a02018 RESFC-2018-48-APN-CONEAU#MECCYT Convocatoria para la acreditaci\u00f3n de carreras\u00a0Psicolog\u00eda. \u2666\u00a0Ordenanza CONEAU N\u00b0 70\u00a0|\u00a0RESFC-2020-241-APN-CONEAU#ME \u2666\u00a0Formalizaci\u00f3n de la carrera:\u00a0hasta el 8 de octubre a trav\u00e9s de\u00a0CONEAU Global. \u2666\u00a0Taller de Autoevaluaci\u00f3n:\u00a0semana del 16 de octubre de 2018 \u2666\u00a0Ficha docente: &hellip; <a href=\"https:\/\/www.coneau.gob.ar\/coneau\/acreditacion-de-carreras\/carreras-de-grado\/convocatorias\/carreras\/psicologia\/\" class=\"more-link\">Seguir leyendo <span class=\"screen-reader-text\">Psicolog\u00eda<\/span> <span class=\"meta-nav\">&rarr;<\/span><\/a><\/p>\n","protected":false},"author":2,"featured_media":3091,"parent":355,"menu_order":12,"comment_status":"open","ping_status":"open","template":"template-carreras-grado-convocatorias.php","meta":[],"acf":[],"_links":{"self":[{"href":"https:\/\/www.coneau.gob.ar\/coneau\/wp-json\/wp\/v2\/pages\/599"}],"collection":[{"href":"https:\/\/www.coneau.gob.ar\/coneau\/wp-json\/wp\/v2\/pages"}],"about":[{"href":"https:\/\/www.coneau.gob.ar\/coneau\/wp-json\/wp\/v2\/types\/page"}],"author":[{"embeddable":true,"href":"https:\/\/www.coneau.gob.ar\/coneau\/wp-json\/wp\/v2\/users\/2"}],"replies":[{"embeddable":true,"href":"https:\/\/www.coneau.gob.ar\/coneau\/wp-json\/wp\/v2\/comments?post=599"}],"version-history":[{"count":32,"href":"https:\/\/www.coneau.gob.ar\/coneau\/wp-json\/wp\/v2\/pages\/599\/revisions"}],"predecessor-version":[{"id":13003,"href":"https:\/\/www.coneau.gob.ar\/coneau\/wp-json\/wp\/v2\/pages\/599\/revisions\/13003"}],"up":[{"embeddable":true,"href":"https:\/\/www.coneau.gob.ar\/coneau\/wp-json\/wp\/v2\/pages\/355"}],"wp:featuredmedia":[{"embeddable":true,"href":"https:\/\/www.coneau.gob.ar\/coneau\/wp-json\/wp\/v2\/media\/3091"}],"wp:attachment":[{"href":"https:\/\/www.coneau.gob.ar\/coneau\/wp-json\/wp\/v2\/media?parent=599"}],"curies":[{"name":"wp","href":"https:\/\/api.w.org\/{rel}","templated":true}]}}