{"id":5410,"date":"2019-10-21T13:43:43","date_gmt":"2019-10-21T16:43:43","guid":{"rendered":"https:\/\/www.coneau.gob.ar\/?page_id=5410"},"modified":"2019-10-21T15:35:02","modified_gmt":"2019-10-21T18:35:02","slug":"guia-de-posgrados-acreditados-edicion-2020","status":"publish","type":"page","link":"https:\/\/www.coneau.gob.ar\/coneau\/guia-de-posgrados-acreditados-edicion-2020\/","title":{"rendered":"Gu\u00eda de Posgrados Acreditados (Edici\u00f3n 2020)"},"content":{"rendered":"<p style=\"text-align: justify;\"><span style=\"color: #000000;\">A partir del 2018 CONEAU\u00a0dise\u00f1\u00f3 una aplicaci\u00f3n destinada a la gesti\u00f3n de los datos de las carreras de posgrado que integran la publicaci\u00f3n Gu\u00eda de Posgrados Acreditados.<\/span><\/p>\n<p style=\"text-align: justify;\"><span style=\"color: #000000;\">Esta aplicaci\u00f3n se encuentra disponible en la plataforma de CONEAU Global. Al ingresar, cada instituci\u00f3n encontrar\u00e1 el listado de carreras de posgrado acreditadas. All\u00ed podr\u00e1 marcar las que formar\u00e1n parte de la <strong>Gu\u00eda de Posgrados Acreditados Edici\u00f3n 2020\u00a0<\/strong>y realizar las observaciones que considere pertinentes, en di\u00e1logo\u00a0con los editores para resolver las dudas que surgieren en el proceso.<\/span><\/p>\n<p><span style=\"color: #000000;\"><strong>La aplicaci\u00f3n estar\u00e1 habilitada para gestionar cada listado desde el d\u00eda 15 de octubre hasta el 15 de noviembre de 2019.<\/strong><\/span><\/p>\n<p><span style=\"color: #000000;\">Los responsables del \u00e1rea de Posgrados o similar de cada universidad podr\u00e1n ingresar a la aplicaci\u00f3n a trav\u00e9s de CONEAU Global una vez que el administrador institucional haya generado los permisos correspondientes.<\/span><\/p>\n<p><a href=\"https:\/\/global.coneau.gob.ar\/coneauglobal\/\"><img decoding=\"async\" loading=\"lazy\" class=\"alignnone wp-image-5419\" title=\"Bot\u00f3n de acceso a la Gu\u00eda de posgrados 2020\" src=\"https:\/\/www.coneau.gob.ar\/wp-content\/uploads\/2019\/10\/BOTONES-6-e1571681202405.png\" alt=\"BOTONES (6)\" width=\"180\" height=\"39\" \/><\/a><a href=\"https:\/\/www.coneau.gob.ar\/wp-content\/uploads\/2019\/10\/Tutorial-Admin-de-Posgrados-2020.pdf\"><img decoding=\"async\" loading=\"lazy\" class=\"alignnone wp-image-5422\" title=\"Bot\u00f3n de acceso al tutorial de gu\u00eda de posgrados 2020\" src=\"https:\/\/www.coneau.gob.ar\/wp-content\/uploads\/2019\/10\/BOTONES-7-e1571682756175.png\" alt=\"BOTONES (7)\" width=\"180\" height=\"39\" \/><\/a><\/p>\n<ul>\n<li><span style=\"color: #000000;\"><strong>\u2666 Para consultas relacionadas a carreras por favor escribir a\u00a0<a style=\"color: #000000;\" href=\"mailto:guiadeposgrados@coneau.gob.ar\">guiadeposgrados@coneau.gob.ar<\/a><\/strong><\/span><\/li>\n<li><span style=\"color: #000000;\"><strong>\u2666 Para consultas relacionadas a CONEAU Global, por favor contactarse con Mesa de Ayuda <a style=\"color: #000000;\" href=\"mailto:global@coneau.gob.ar\">global@coneau.gob.ar<\/a> 4819 \u2013 9050\u00a0 Interno 1020.<\/strong><\/span><\/li>\n<\/ul>\n","protected":false},"excerpt":{"rendered":"<p>A partir del 2018 CONEAU\u00a0dise\u00f1\u00f3 una aplicaci\u00f3n destinada a la gesti\u00f3n de los datos de las carreras de posgrado que integran la publicaci\u00f3n Gu\u00eda de Posgrados Acreditados. Esta aplicaci\u00f3n se encuentra disponible en la plataforma de CONEAU Global. Al ingresar, cada instituci\u00f3n encontrar\u00e1 el listado de carreras de posgrado acreditadas. All\u00ed podr\u00e1 marcar las que &hellip; <a href=\"https:\/\/www.coneau.gob.ar\/coneau\/guia-de-posgrados-acreditados-edicion-2020\/\" class=\"more-link\">Seguir leyendo <span class=\"screen-reader-text\">Gu\u00eda de Posgrados Acreditados (Edici\u00f3n 2020)<\/span> <span class=\"meta-nav\">&rarr;<\/span><\/a><\/p>\n","protected":false},"author":2,"featured_media":4889,"parent":0,"menu_order":0,"comment_status":"open","ping_status":"open","template":"template-carreras-posgrado.php","meta":[],"acf":[],"_links":{"self":[{"href":"https:\/\/www.coneau.gob.ar\/coneau\/wp-json\/wp\/v2\/pages\/5410"}],"collection":[{"href":"https:\/\/www.coneau.gob.ar\/coneau\/wp-json\/wp\/v2\/pages"}],"about":[{"href":"https:\/\/www.coneau.gob.ar\/coneau\/wp-json\/wp\/v2\/types\/page"}],"author":[{"embeddable":true,"href":"https:\/\/www.coneau.gob.ar\/coneau\/wp-json\/wp\/v2\/users\/2"}],"replies":[{"embeddable":true,"href":"https:\/\/www.coneau.gob.ar\/coneau\/wp-json\/wp\/v2\/comments?post=5410"}],"version-history":[{"count":10,"href":"https:\/\/www.coneau.gob.ar\/coneau\/wp-json\/wp\/v2\/pages\/5410\/revisions"}],"predecessor-version":[{"id":5424,"href":"https:\/\/www.coneau.gob.ar\/coneau\/wp-json\/wp\/v2\/pages\/5410\/revisions\/5424"}],"wp:featuredmedia":[{"embeddable":true,"href":"https:\/\/www.coneau.gob.ar\/coneau\/wp-json\/wp\/v2\/media\/4889"}],"wp:attachment":[{"href":"https:\/\/www.coneau.gob.ar\/coneau\/wp-json\/wp\/v2\/media?parent=5410"}],"curies":[{"name":"wp","href":"https:\/\/api.w.org\/{rel}","templated":true}]}}