{"id":495,"date":"2015-07-06T18:17:32","date_gmt":"2015-07-06T18:17:32","guid":{"rendered":"http:\/\/hakuna.com.ar\/projects\/coneau\/wordpress\/?page_id=495"},"modified":"2021-12-27T10:30:10","modified_gmt":"2021-12-27T13:30:10","slug":"decretos","status":"publish","type":"page","link":"https:\/\/www.coneau.gob.ar\/coneau\/normativas\/decretos\/","title":{"rendered":"Decretos"},"content":{"rendered":"<ul>\n<li><a href=\"https:\/\/www.coneau.gob.ar\/archivos\/565.pdf\" target=\"_blank\" rel=\"noopener noreferrer\"><strong>Decreto Org\u00e1nico del 26 de Marzo de 1874<\/strong><\/a><strong>: <\/strong><em>Legislaci\u00f3n Universitaria &#8211; Decreto org\u00e1nico elaborado por Juan Mar\u00eda Guti\u00e9rrez, Pedro Goyena y Jos\u00e9 Mar\u00eda Moreno.<\/em><\/li>\n<li><a href=\"https:\/\/www.coneau.gob.ar\/archivos\/566.pdf\" target=\"_blank\" rel=\"noopener noreferrer\"><strong>Decreto-Ley 477\/1955<\/strong><\/a><strong>: <\/strong><em>Legislaci\u00f3n Universitaria -Decreto Ley 477, 7 de octubre de 1955. \u2013 Deroga las Leyes 13.031 y 14.297, y restablece la vigencia de la Ley 1.597, sobre gobierno de las Universidades<\/em><\/li>\n<\/ul>\n<ul>\n<li><a href=\"https:\/\/www.coneau.gob.ar\/archivos\/567.pdf\" target=\"_blank\" rel=\"noopener noreferrer\"><strong>Decreto-Ley 6403\/1955<\/strong><\/a><strong>: <\/strong><em>Legislaci\u00f3n Universitaria &#8211; Decreto Ley 6.403, 23 de diciembre de 1955\u2013 Organizaci\u00f3n de las Universidades Nacionales<\/em><\/li>\n<li><a href=\"https:\/\/www.coneau.gob.ar\/archivos\/568.pdf\" target=\"_blank\" rel=\"noopener noreferrer\"><strong>Decreto 1404\/1959<\/strong><\/a><strong>: <\/strong><em>Legislaci\u00f3n Universitaria &#8211; Decreto 1404, 11 de febrero de 1959 \u2013 Universidades privadas; reglamentaci\u00f3n de la Ley 14.557 y creaci\u00f3n de la Inspecci\u00f3n General de Ense\u00f1anza Universitaria Privada<\/em><\/li>\n<li><a href=\"https:\/\/www.coneau.gob.ar\/archivos\/569.pdf\" target=\"_blank\" rel=\"noopener noreferrer\"><strong>Decreto 1617\/1959<\/strong><\/a><strong>: <\/strong><em>Legislaci\u00f3n Universitaria &#8211; DECRETO N\u00b0 1.617\/69 &#8211; Reglam\u00e9ntase la ley 17.778<\/em><\/li>\n<li><a href=\"https:\/\/www.coneau.gob.ar\/archivos\/570.pdf\" target=\"_blank\" rel=\"noopener noreferrer\"><strong>Decreto 154\/1983<\/strong><\/a><strong>: <\/strong><em>Legislaci\u00f3n Universitaria &#8211; DECRETO 154 &#8211; Universidades Nacionales \u2013 Intervenci\u00f3n \u2013 Aplicaci\u00f3n de los estatutos vigentes al 29\/7\/76 \u2013 Consejos Superiores Provisorios \u2013 Consejos Acad\u00e9micos Normalizadores Consultivos \u2013 Suspensi\u00f3n de concursos \u2013 Reconocimiento de centros de estudiantes.<\/em><\/li>\n<li><a href=\"https:\/\/www.coneau.gob.ar\/archivos\/571.pdf\" target=\"_blank\" rel=\"noopener noreferrer\"><strong>Decreto 101\/1985<\/strong><\/a><strong>: <\/strong><em>Legislaci\u00f3n Universitaria DECRETO N\u00b0 101\/85 Del\u00e9ganse facultades en Ministros, Secretarios Ministeriales y Secretarios y Jefe de la Casa Militar de la Presidencia de la Naci\u00f3n<\/em><\/li>\n<li><a href=\"https:\/\/www.coneau.gob.ar\/archivos\/572.pdf\" target=\"_blank\" rel=\"noopener noreferrer\"><strong>Decreto 2461\/1985<\/strong><\/a><strong>: <\/strong><em>Legislaci\u00f3n Universitaria -DECRETO N\u00b0 2.461\/85Cr\u00e9ase el Consejo Interuniversitario Nacional (CIN)<\/em><\/li>\n<li><a href=\"https:\/\/www.coneau.gob.ar\/archivos\/573.pdf\" target=\"_blank\" rel=\"noopener noreferrer\"><strong>Decreto 160\/1991<\/strong><\/a><strong>: <\/strong><em>Legislaci\u00f3n Universitaria &#8211; DECRETO N\u00b0 160\/91 Establ\u00e9cese que las Universidades Nacionales deber\u00e1n elevar al Ministerio de gobcaci\u00f3n y Justicia, todos los recursos que contra sus actos hayan sido o sean interpuestos<\/em><\/li>\n<li><a href=\"https:\/\/www.coneau.gob.ar\/archivos\/574.pdf\" target=\"_blank\" rel=\"noopener noreferrer\"><strong>Decreto 990\/1991<\/strong><\/a><strong>: <\/strong><em>Legislaci\u00f3n Universitaria &#8211; DECRETO N\u00b0 990\/91 Cr\u00e9ase la Comisi\u00f3n de Concertaci\u00f3n de las Universidades Estatales con el Poder Ejecutivo Nacional<\/em><\/li>\n<li><a href=\"https:\/\/www.coneau.gob.ar\/archivos\/575.pdf\" target=\"_blank\" rel=\"noopener noreferrer\"><strong>Decreto 438\/1992<\/strong><\/a><strong>: <\/strong><em>Legislaci\u00f3n Universitaria &#8211; DECRETO N\u00b0 438\/92 Sustit\u00fayese el texto ordenado de la Ley de Ministerios<\/em><\/li>\n<li><a href=\"https:\/\/www.coneau.gob.ar\/archivos\/576.pdf\" target=\"_blank\" rel=\"noopener noreferrer\"><strong>Decreto 506\/1993<\/strong><\/a><strong>: <\/strong><em>Legislaci\u00f3n Universitaria &#8211; DECRETO N\u00b0 506\/93 Apru\u00e9base la organizaci\u00f3n provisoria del MCE y cr\u00e9ase el Consejo Nacional de gobcaci\u00f3n Superior<\/em><\/li>\n<li><a href=\"https:\/\/www.coneau.gob.ar\/archivos\/577.pdf\" target=\"_blank\" rel=\"noopener noreferrer\"><strong>Decreto 1075\/1993<\/strong><\/a><strong>: <\/strong><em>Legislaci\u00f3n Universitaria &#8211; DECRETO N\u00b0 1.075\/93 Reglam\u00e9ntase el Consejo Nacional de gobcaci\u00f3n Superior<\/em><\/li>\n<li><a href=\"https:\/\/www.coneau.gob.ar\/archivos\/578.pdf\" target=\"_blank\" rel=\"noopener noreferrer\"><strong>Decreto 1610\/1993<\/strong><\/a><strong>: <\/strong><em>Legislaci\u00f3n Universitaria &#8211; DECRETO N\u00b0 1.610\/93 Establ\u00e9cese un adicional mensual para docentes con dedicaci\u00f3n simple y semiexclusiva<\/em><\/li>\n<li><a href=\"https:\/\/www.coneau.gob.ar\/archivos\/579.pdf\" target=\"_blank\" rel=\"noopener noreferrer\"><strong>Decreto 2282\/1993<\/strong><\/a><strong>: <\/strong><em>Legislaci\u00f3n Universitaria &#8211; DECRETO N\u00b0 2282\/93 Reglam\u00e9ntase la creaci\u00f3n de nuevas sedes de Universidades Nacionales<\/em><\/li>\n<li><a href=\"https:\/\/www.coneau.gob.ar\/archivos\/580.pdf\" target=\"_blank\" rel=\"noopener noreferrer\"><strong>Decreto 2330\/1993<\/strong><\/a><strong>: <\/strong><em>Legislaci\u00f3n Universitaria &#8211; DECRETO N\u00b0 2330\/93 Reglam\u00e9ntase la ley 17.604<\/em><\/li>\n<li><a href=\"https:\/\/www.coneau.gob.ar\/archivos\/581.pdf\" target=\"_blank\" rel=\"noopener noreferrer\"><strong>Decreto 2427\/1993<\/strong><\/a><strong>: <\/strong><em>Legislaci\u00f3n Universitaria &#8211; DECRETO N\u00b0 2.427\/93 F\u00edjanse incentivos al personal docente que participe en proyectos de investigaci\u00f3n<\/em><\/li>\n<li><a href=\"https:\/\/www.coneau.gob.ar\/archivos\/582.pdf\" target=\"_blank\" rel=\"noopener noreferrer\"><strong>Decreto 2568\/1993<\/strong><\/a><strong>: <\/strong><em>Legislaci\u00f3n Universitaria &#8211; DECRETO N\u00b0 2.568\/93 Apru\u00e9base la estructura organizativa del MINISTERIO DE CULTURA Y EDUCACION<\/em><\/li>\n<li><a href=\"https:\/\/www.coneau.gob.ar\/archivos\/583.pdf\" target=\"_blank\" rel=\"noopener noreferrer\"><strong>Decreto 256\/1994<\/strong><\/a><strong>: <\/strong><em>Legislaci\u00f3n Universitaria &#8211; DECRETO N\u00b0 256\/94 Reglam\u00e9ntase el perfil, alcances, incumbencias y validez nacional de los t\u00edtulos universitarios<\/em><\/li>\n<li><a href=\"https:\/\/www.coneau.gob.ar\/archivos\/584.pdf\" target=\"_blank\" rel=\"noopener noreferrer\"><strong>Decreto 529\/1994<\/strong><\/a><strong>: <\/strong><em>Legislaci\u00f3n Universitaria &#8211; DECRETO N\u00b0 529\/94 R\u00e9gimen de incompatibilidades para el personal universitario<\/em><\/li>\n<li><a href=\"https:\/\/www.coneau.gob.ar\/archivos\/585.pdf\" target=\"_blank\" rel=\"noopener noreferrer\"><strong>Decreto 268\/1995<\/strong><\/a><strong>: <\/strong><em>EDUCACI\u00d3N SUPERIOR &#8211; NORMATIVA APLICABLE. PROMULGACION\/ OBSERVACION OBSERVASE EN EL ARTICULO 29 INCISO E) DEL PROYECTO DE LEY REGISTRADO BAJO EL N\u00ba 24.521, LA FRASE QUE DICE \u00abCOMO MATERIA &#8230;<\/em><\/li>\n<li><a href=\"https:\/\/www.coneau.gob.ar\/archivos\/586.pdf\" target=\"_blank\" rel=\"noopener noreferrer\"><strong>Decreto 499\/1995<\/strong><\/a><strong>: <\/strong><em>EDUCACI\u00d3N SUPERIOR &#8211; UNIVERSIDADES NACIONALES LEY 24521. DISPOSICIONES GENERALES. DISPOSICIONES RELACIONADAS CON LA EVALUACI\u00d3N Y LA ACREDITACI\u00d3N. CONSEJO DE UNIVERSIDADES. UNIVERSIDADES NACIONALES.<\/em><\/li>\n<li><a href=\"http:\/\/servicios.infoleg.gob.ar\/infolegInternet\/anexos\/30000-34999\/33754\/texact.htm\" target=\"_blank\" rel=\"noopener noreferrer\"><strong>Decreto 173\/1996<\/strong><\/a><strong>: <\/strong><em>LEY DE EDUCACION SUPERIOR &#8211; CONEAU &#8211; REGLAMENTACI\u00d3N REGLAMENTANSE ASPECTOS FORMALES PARA LA DESIGNACI\u00d3N DE LOS INTEGRANTES DE LA COMISI\u00d3N NACIONAL DE EVALUACI\u00d3N Y ACREDITACI\u00d3N UNIVERSITARIA<\/em><em>&#8230;<\/em><\/li>\n<li><a href=\"https:\/\/www.coneau.gob.ar\/archivos\/588.pdf\" target=\"_blank\" rel=\"noopener noreferrer\"><strong>Decreto 576\/1996<\/strong><\/a><strong>: <\/strong><em>EDUCACI\u00d3N SUPERIOR SU REGLAMENTACI\u00d3N <\/em>REGLAMENTACION DE LA LEY N\u00ba 24.521 &#8211; EDUCACION SUPERIOR-. CAD.<\/li>\n<li><a href=\"https:\/\/www.coneau.gob.ar\/archivos\/589.pdf\" target=\"_blank\" rel=\"noopener noreferrer\"><strong>Decreto 455\/1997<\/strong><\/a><strong>: <\/strong><em>EDUCACI\u00d3N SUPERIOR COLEGIOS UNIVERSITARIOS<\/em><\/li>\n<li><a href=\"https:\/\/www.coneau.gob.ar\/archivos\/590.pdf\" target=\"_blank\" rel=\"noopener noreferrer\"><strong>Decreto 705\/1997<\/strong><\/a><strong>: <\/strong><em>EDUCACI\u00d3N SUPERIOR CONEAU &#8211; MODIFICACI\u00d3N DE SU FUNCIONAMIENTO SUSTITUYENSE LOS ARTS. 2\u00ba, 4\u00ba, 5\u00ba, 6\u00ba, 7\u00ba, 8\u00ba, 10, 12 INCISOS A) Y G), 14, 18, 20, 24 Y 28 DEL DECRETO N\u00ba 173\/96; Y DERO&#8230;<\/em><\/li>\n<li><a href=\"https:\/\/www.coneau.gob.ar\/archivos\/591.pdf\" target=\"_blank\" rel=\"noopener noreferrer\"><strong>Decreto 081\/1998<\/strong><\/a><strong>: <\/strong><em>EDUCACI\u00d3N SUPERIOR &#8211; EDUCACI\u00d3N A DISTANCIA EDUCACION A DISTANCIA. ESTABLECESE LA COMPETENIA DEL MINISTERIO DE CULTURA Y EDUCACION EN LA APLICACION DE LAS DISPOSICI&#8230;<\/em><\/li>\n<li><a href=\"https:\/\/www.coneau.gob.ar\/archivos\/592.pdf\" target=\"_blank\" rel=\"noopener noreferrer\"><strong>Decreto 276\/1999<\/strong><\/a><strong>: <\/strong><em>EDUCACI\u00d3N SUPERIOR &#8211; INSTITUCIONES UNIVERSITARIAS EXTRANJERAS NORMA A LAS QUE DEBERAN AJUSTARSE LAS INSTITUCIONES UNIVERSITARIAS EXTRANJERAS QUE PRETENDAN INSTRUMENTAR OFERTAS gobCAT&#8230;<\/em><\/li>\n<\/ul>\n","protected":false},"excerpt":{"rendered":"<p>Decreto Org\u00e1nico del 26 de Marzo de 1874: Legislaci\u00f3n Universitaria &#8211; Decreto org\u00e1nico elaborado por Juan Mar\u00eda Guti\u00e9rrez, Pedro Goyena y Jos\u00e9 Mar\u00eda Moreno. Decreto-Ley 477\/1955: Legislaci\u00f3n Universitaria -Decreto Ley 477, 7 de octubre de 1955. \u2013 Deroga las Leyes 13.031 y 14.297, y restablece la vigencia de la Ley 1.597, sobre gobierno de las &hellip; <a href=\"https:\/\/www.coneau.gob.ar\/coneau\/normativas\/decretos\/\" class=\"more-link\">Seguir leyendo <span class=\"screen-reader-text\">Decretos<\/span> <span class=\"meta-nav\">&rarr;<\/span><\/a><\/p>\n","protected":false},"author":2,"featured_media":0,"parent":25,"menu_order":1,"comment_status":"closed","ping_status":"open","template":"","meta":[],"acf":[],"_links":{"self":[{"href":"https:\/\/www.coneau.gob.ar\/coneau\/wp-json\/wp\/v2\/pages\/495"}],"collection":[{"href":"https:\/\/www.coneau.gob.ar\/coneau\/wp-json\/wp\/v2\/pages"}],"about":[{"href":"https:\/\/www.coneau.gob.ar\/coneau\/wp-json\/wp\/v2\/types\/page"}],"author":[{"embeddable":true,"href":"https:\/\/www.coneau.gob.ar\/coneau\/wp-json\/wp\/v2\/users\/2"}],"replies":[{"embeddable":true,"href":"https:\/\/www.coneau.gob.ar\/coneau\/wp-json\/wp\/v2\/comments?post=495"}],"version-history":[{"count":8,"href":"https:\/\/www.coneau.gob.ar\/coneau\/wp-json\/wp\/v2\/pages\/495\/revisions"}],"predecessor-version":[{"id":7785,"href":"https:\/\/www.coneau.gob.ar\/coneau\/wp-json\/wp\/v2\/pages\/495\/revisions\/7785"}],"up":[{"embeddable":true,"href":"https:\/\/www.coneau.gob.ar\/coneau\/wp-json\/wp\/v2\/pages\/25"}],"wp:attachment":[{"href":"https:\/\/www.coneau.gob.ar\/coneau\/wp-json\/wp\/v2\/media?parent=495"}],"curies":[{"name":"wp","href":"https:\/\/api.w.org\/{rel}","templated":true}]}}