{"id":39,"date":"2015-05-26T18:09:15","date_gmt":"2015-05-26T18:09:15","guid":{"rendered":"http:\/\/hakuna.com.ar\/projects\/coneau\/wordpress\/?page_id=39"},"modified":"2025-04-10T16:11:07","modified_gmt":"2025-04-10T19:11:07","slug":"carreras-de-grado","status":"publish","type":"page","link":"https:\/\/www.coneau.gob.ar\/coneau\/acreditacion-de-carreras\/carreras-de-grado\/","title":{"rendered":"Acreditaci\u00f3n de Carreras de Grado"},"content":{"rendered":"<h4><strong>\u00bfQu\u00e9 hace el \u00e1rea de grado?<\/strong><\/h4>\n<p style=\"text-align: justify;\">Su funci\u00f3n es Acreditar peri\u00f3dicamente carreras de grado declaradas de inter\u00e9s p\u00fablico por el <a href=\"http:\/\/www.me.gov.ar\/\">Ministerio de Educaci\u00f3n<\/a>\u00a0en conjunto con el Consejo de Universidades.<\/p>\n<p><strong><div class=\"panel panel-default\">\n                <div class=\"panel-heading\" role=\"tab\" id=\"headingOne\">\n                    <h4 class=\"panel-title\">\n                        <a data-toggle=\"collapse\" data-parent=\"#accordion-0\" href=\"#acc-2\" aria-expanded=\"true\" aria-controls=\"collapseOne\">\n                            <i class=\"fa fa-arrow-down\"><\/i> <\/strong><strong>\u00bfC\u00f3mo lo hace?\n                        <\/a>\n                    <\/h4>\n                <\/div>\n                <div id=\"acc-2\" class=\"panel-collapse collapse \" role=\"tabpanel\" aria-labelledby=\"headingOne\">\n                    <div class=\"panel-body\"><\/strong><\/p>\n<p>Para acreditar las carreras se aplican los est\u00e1ndares fijados por el Ministerio de Educaci\u00f3n. El proceso de acreditaci\u00f3n se realiza a trav\u00e9s de convocatorias organizadas por titulaci\u00f3n. <a href=\"https:\/\/www.coneau.gob.ar\/coneau\/?page_id=257\">(Ver m\u00e1s)<\/a><\/p>\n<p><\/div>\n                <\/div>\n            <\/div><\/p>\n<p><strong><div class=\"panel panel-default\">\n                <div class=\"panel-heading\" role=\"tab\" id=\"headingOne\">\n                    <h4 class=\"panel-title\">\n                        <a data-toggle=\"collapse\" data-parent=\"#accordion-0\" href=\"#acc-3\" aria-expanded=\"true\" aria-controls=\"collapseOne\">\n                            <i class=\"fa fa-arrow-down\"><\/i> <\/strong><strong>\u00bfQu\u00e9 carreras acredita?\n                        <\/a>\n                    <\/h4>\n                <\/div>\n                <div id=\"acc-3\" class=\"panel-collapse collapse \" role=\"tabpanel\" aria-labelledby=\"headingOne\">\n                    <div class=\"panel-body\"><\/strong><\/p>\n<p>Acredita s\u00f3lo las carreras cuyas titulaciones han sido declaradas de inter\u00e9s p\u00fablico, incluidas en el art\u00edculo 43\u00ba de la <u>Ley de Educaci\u00f3n Superior N\u00ba 24.521<\/u>. <a href=\"https:\/\/www.coneau.gob.ar\/coneau\/?page_id=101\">(Ver m\u00e1s)<\/a><\/p>\n<p><\/div>\n                <\/div>\n            <\/div><\/p>\n<p><strong><div class=\"panel panel-default\">\n                <div class=\"panel-heading\" role=\"tab\" id=\"headingOne\">\n                    <h4 class=\"panel-title\">\n                        <a data-toggle=\"collapse\" data-parent=\"#accordion-0\" href=\"#acc-4\" aria-expanded=\"true\" aria-controls=\"collapseOne\">\n                            <i class=\"fa fa-arrow-down\"><\/i> <\/strong><strong>\u00bfCu\u00e1les son las carreras acreditadas hasta la fecha?\n                        <\/a>\n                    <\/h4>\n                <\/div>\n                <div id=\"acc-4\" class=\"panel-collapse collapse \" role=\"tabpanel\" aria-labelledby=\"headingOne\">\n                    <div class=\"panel-body\"><\/strong><\/p>\n<p><a href=\"https:\/\/global.coneau.gob.ar\/coneauglobal\/publico\/buscadores\/acreditacion\/\" target=\"_blank\" rel=\"noopener noreferrer\">Click aqu\u00ed para acceder al buscador de carreras de grado acreditadas.<\/a><br \/>\n<\/div>\n                <\/div>\n            <\/div><\/p>\n<p><strong><div class=\"panel panel-default\">\n                <div class=\"panel-heading\" role=\"tab\" id=\"headingOne\">\n                    <h4 class=\"panel-title\">\n                        <a data-toggle=\"collapse\" data-parent=\"#accordion-0\" href=\"#acc-5\" aria-expanded=\"true\" aria-controls=\"collapseOne\">\n                            <i class=\"fa fa-arrow-down\"><\/i> <\/strong><strong>\u00bfQu\u00e9 es el Sistema ARCU-SUR?\n                        <\/a>\n                    <\/h4>\n                <\/div>\n                <div id=\"acc-5\" class=\"panel-collapse collapse \" role=\"tabpanel\" aria-labelledby=\"headingOne\">\n                    <div class=\"panel-body\"><\/strong><\/p>\n<p>Es el Sistema de Acreditaci\u00f3n Regional de carreras universitarias para el Mercosur. La calidad acad\u00e9mica de los t\u00edtulos de grado, acreditados por este Sistema, es reconocida mutuamente por los Estados Parte y Asociados del Mercosur. \u00a0<a href=\"https:\/\/www.coneau.gob.ar\/coneau\/?page_id=299\">(Ver m\u00e1s)<\/a><br \/>\n<\/div>\n                <\/div>\n            <\/div><\/p>\n<p><strong><div class=\"panel panel-default\">\n                <div class=\"panel-heading\" role=\"tab\" id=\"headingOne\">\n                    <h4 class=\"panel-title\">\n                        <a data-toggle=\"collapse\" data-parent=\"#accordion-0\" href=\"#acc-6\" aria-expanded=\"true\" aria-controls=\"collapseOne\">\n                            <i class=\"fa fa-arrow-down\"><\/i> <\/strong><strong>\u00bfSe acreditan los proyectos de carrera?\n                        <\/a>\n                    <\/h4>\n                <\/div>\n                <div id=\"acc-6\" class=\"panel-collapse collapse \" role=\"tabpanel\" aria-labelledby=\"headingOne\">\n                    <div class=\"panel-body\"><\/strong><\/p>\n<p>Se acreditan los proyectos de las carreras de grado declaradas de inter\u00e9s p\u00fablico, a los efectos de obtener el reconocimiento oficial del t\u00edtulo.<br \/>\n<\/div>\n                <\/div>\n            <\/div><\/p>\n","protected":false},"excerpt":{"rendered":"<p>\u00bfQu\u00e9 hace el \u00e1rea de grado? Su funci\u00f3n es Acreditar peri\u00f3dicamente carreras de grado declaradas de inter\u00e9s p\u00fablico por el Ministerio de Educaci\u00f3n\u00a0en conjunto con el Consejo de Universidades.<\/p>\n","protected":false},"author":2,"featured_media":1101,"parent":11,"menu_order":0,"comment_status":"open","ping_status":"closed","template":"template-cgrado.php","meta":[],"acf":[],"_links":{"self":[{"href":"https:\/\/www.coneau.gob.ar\/coneau\/wp-json\/wp\/v2\/pages\/39"}],"collection":[{"href":"https:\/\/www.coneau.gob.ar\/coneau\/wp-json\/wp\/v2\/pages"}],"about":[{"href":"https:\/\/www.coneau.gob.ar\/coneau\/wp-json\/wp\/v2\/types\/page"}],"author":[{"embeddable":true,"href":"https:\/\/www.coneau.gob.ar\/coneau\/wp-json\/wp\/v2\/users\/2"}],"replies":[{"embeddable":true,"href":"https:\/\/www.coneau.gob.ar\/coneau\/wp-json\/wp\/v2\/comments?post=39"}],"version-history":[{"count":23,"href":"https:\/\/www.coneau.gob.ar\/coneau\/wp-json\/wp\/v2\/pages\/39\/revisions"}],"predecessor-version":[{"id":12550,"href":"https:\/\/www.coneau.gob.ar\/coneau\/wp-json\/wp\/v2\/pages\/39\/revisions\/12550"}],"up":[{"embeddable":true,"href":"https:\/\/www.coneau.gob.ar\/coneau\/wp-json\/wp\/v2\/pages\/11"}],"wp:featuredmedia":[{"embeddable":true,"href":"https:\/\/www.coneau.gob.ar\/coneau\/wp-json\/wp\/v2\/media\/1101"}],"wp:attachment":[{"href":"https:\/\/www.coneau.gob.ar\/coneau\/wp-json\/wp\/v2\/media?parent=39"}],"curies":[{"name":"wp","href":"https:\/\/api.w.org\/{rel}","templated":true}]}}