{"id":3356,"date":"2017-11-21T14:18:39","date_gmt":"2017-11-21T17:18:39","guid":{"rendered":"http:\/\/www.coneau.gob.ar\/CONEAU\/?page_id=3356"},"modified":"2025-09-08T00:14:47","modified_gmt":"2025-09-08T03:14:47","slug":"biotecnologia","status":"publish","type":"page","link":"https:\/\/www.coneau.gob.ar\/coneau\/acreditacion-de-carreras\/carreras-de-grado\/convocatorias\/carreras\/biotecnologia\/","title":{"rendered":"Biotecnolog\u00eda"},"content":{"rendered":"<p>Resoluci\u00f3n de est\u00e1ndares para las carreras de Biotecnolog\u00eda: <strong><a href=\"https:\/\/www.coneau.gob.ar\/archivos\/resoluciones\/RS-2025-72700427-APN-SE-MCH-Biotecnologia.pdf\">RESOL-2025-980-APN-SE#MCH<\/a><\/strong> Anexo 1 | <a href=\"https:\/\/www.coneau.gob.ar\/archivos\/resoluciones\/Anexo2-LIC-BROMATOLOGIA.pdf\">Anexo 2<\/a> | <a href=\"https:\/\/www.coneau.gob.ar\/archivos\/resoluciones\/Anexo3-LIC-BROMATOLOGIA.pdf\">Anexo 3<\/a> | <a href=\"https:\/\/www.coneau.gob.ar\/archivos\/resoluciones\/Anexo4-LIC-BROMATOLOGIA.pdf\">Anexo 4<\/a> | <a href=\"https:\/\/www.coneau.gob.ar\/archivos\/resoluciones\/Anexo5-LIC-BROMATOLOGIA.pdf\">Anexo 5 <\/a><\/p>\n<h4><strong>Convocatoria 2017<\/strong><\/h4>\n<p><strong><a href=\"https:\/\/www.coneau.gob.ar\/archivos\/resoluciones\/RS-2017-28647988-APN-CONEAU-ME.pdf\" target=\"_blank\" rel=\"noopener noreferrer\">RESFC-2017-495-APN-CONEAU#ME: Convocatoria para la acreditaci\u00f3n de carreras de grado de Licenciatura en Biotecnolog\u00eda e Ingenier\u00eda en Biotecnolog\u00eda<\/a><\/strong><\/p>\n<p><span style=\"color: #0000ff;\"><strong><a style=\"color: #0000ff;\" href=\"https:\/\/www.coneau.gob.ar\/archivos\/resoluciones\/RS-2017-33603900-APN-CONEAU-ME.pdf\" target=\"_blank\" rel=\"noopener noreferrer\">RESFC-2017-570-APN-CONEAU#ME: Convocatoria para la acreditaci\u00f3n de carreras de grado de Licenciatura en Biotecnolog\u00eda e Ingenier\u00eda en Biotecnolog\u00eda\u00a0a distancia<\/a><\/strong><\/span><\/p>\n<p><strong><span style=\"color: #000000;\">\u2666<\/span>\u00a0<a href=\"https:\/\/www.coneau.gob.ar\/coneau\/wp-content\/uploads\/2020\/08\/IF-2020-50493513-APN-CONEAUME-Ordenanza-N%C2%B0-070.pdf\" target=\"_blank\" rel=\"noopener noreferrer\">Ordenanza CONEAU N\u00b0 70<\/a>\u00a0|\u00a0<\/strong><a href=\"https:\/\/www.coneau.gob.ar\/archivos\/ordenanzas\/Orde070.pdf\" target=\"_blank\" rel=\"noopener noreferrer\">RESFC-2020-241-APN-CONEAU#ME<\/a><\/p>\n<p><span style=\"color: #000000;\">\u2666<strong>\u00a0Formalizaci\u00f3n de la carrera:<\/strong>\u00a0hasta el 24 de noviembre de 2017\u00a0a trav\u00e9s de<\/span>\u00a0<a href=\"https:\/\/global.coneau.gob.ar\/coneauglobal\/\" target=\"_blank\" rel=\"noopener noreferrer\"><strong>CONEAU Global<\/strong>.<\/a><\/p>\n<p><span style=\"color: #000000;\">\u2666\u00a0<strong>Apertura del expediente electr\u00f3nico:<\/strong>\u00a0hasta \u00a024 de noviembre de 2017 a trav\u00e9s de<\/span><strong><a href=\"httpss:\/\/tramitesadistancia.gob.ar\/tramitesadistancia\/inicio-publico\">\u00a0TAD<\/a><\/strong>.<span style=\"color: #000000;\">\u00a0Para obtener m\u00e1s informaci\u00f3n sobre este procedimiento<\/span><a href=\"https:\/\/www.coneau.gob.ar\/coneau\/acreditacion-de-carreras-2\/\"><span style=\"color: #000000;\">\u00a0<\/span><strong>click aqu\u00ed<\/strong>.<\/a><\/p>\n<p><span style=\"color: #000000;\">\u2666\u00a0<strong>Taller de Autoevaluaci\u00f3n:<\/strong>\u00a06 de diciembre de\u00a0 2017.<\/span><\/p>\n<p><span style=\"color: #000000;\">\u2666<strong>\u00a0Ficha docente:<\/strong>\u00a0a trav\u00e9s de\u00a0<a href=\"https:\/\/global.coneau.gob.ar\/coneauglobal\/\" target=\"_blank\" rel=\"noopener noreferrer\"><strong>CONEAU Global<\/strong>.<\/a><\/span><\/p>\n<p><span style=\"color: #000000;\">\u2666\u00a0<strong>Solicitud de acreditaci\u00f3n de la carrera:<\/strong>\u00a0hasta el\u00a030 de mayo de 2018 a trav\u00e9s de<\/span>\u00a0<a href=\"https:\/\/global.coneau.gob.ar\/coneauglobal\/\" target=\"_blank\" rel=\"noopener noreferrer\"><strong>CONEAU Global<\/strong>.<\/a><\/p>\n<p><span style=\"color: #000000;\">\u2666<\/span>\u00a0<strong><a href=\"https:\/\/www.coneau.gob.ar\/?page_id=3525\">Ver evaluaci\u00f3n de SIED<\/a><\/strong><\/p>\n<p><span style=\"color: #000000;\">\u2666<\/span><a href=\"https:\/\/www.coneau.gob.ar\/ayuda\/\" target=\"_blank\" rel=\"noopener noreferrer\">Consultar<strong>\u00a0Tutoriales sobre CONEAU GLOBAL<\/strong><\/a><\/p>\n<h4><strong>Autoevaluaci\u00f3n<\/strong><\/h4>\n<p><strong><a href=\"https:\/\/www.coneau.gob.ar\/archivos\/grado\/CGAcreditacionGrado.pdf\" target=\"_blank\" rel=\"noopener noreferrer\">\u232a Contenidos del Taller de Autoevaluaci\u00f3n \u2013 CONEAU GLOBAL<\/a><\/strong><\/p>\n<p><strong><a href=\"https:\/\/www.coneau.gob.ar\/archivos\/grado\/TallerAutoBiotecnologiaGeneticaFINAL2.pdf\" target=\"_blank\" rel=\"noopener noreferrer\">\u232a Contenidos del Taller de Autoevaluaci\u00f3n \u2013 Procedimientos<\/a><\/strong><\/p>\n<blockquote><p><strong>Mesa de ayuda<\/strong><\/p><\/blockquote>\n<blockquote><p><strong><span style=\"color: #003366;\">\u00c1rea de Sistemas<\/span>\u00a0<\/strong>(Consultas T\u00e9cnicas y de Instalaci\u00f3n)<\/p>\n<p>Generales del Formulario:\u00a0<a href=\"mailto:instructivogrado@coneau.gob.ar\">instructivogrado@coneau.gob.ar<\/a><\/p>\n<p>Sobre CONEAU Global:\u00a0<a href=\"mailto:global@coneau.gob.ar\">global@coneau.gob.ar<\/a><\/p><\/blockquote>\n<blockquote><p><span style=\"color: #003366;\"><strong>Area de Grado<\/strong><\/span> (Consultas de contenidos)<\/p>\n<p><a href=\"mailto:biotecnologia@coneau.gob.ar\">biotecnologia@coneau.gob.ar<\/a><\/p><\/blockquote>\n","protected":false},"excerpt":{"rendered":"<p>Resoluci\u00f3n de est\u00e1ndares para las carreras de Biotecnolog\u00eda: RESOL-2025-980-APN-SE#MCH Anexo 1 | Anexo 2 | Anexo 3 | Anexo 4 | Anexo 5 Convocatoria 2017 RESFC-2017-495-APN-CONEAU#ME: Convocatoria para la acreditaci\u00f3n de carreras de grado de Licenciatura en Biotecnolog\u00eda e Ingenier\u00eda en Biotecnolog\u00eda RESFC-2017-570-APN-CONEAU#ME: Convocatoria para la acreditaci\u00f3n de carreras de grado de Licenciatura en Biotecnolog\u00eda &hellip; <a href=\"https:\/\/www.coneau.gob.ar\/coneau\/acreditacion-de-carreras\/carreras-de-grado\/convocatorias\/carreras\/biotecnologia\/\" class=\"more-link\">Seguir leyendo <span class=\"screen-reader-text\">Biotecnolog\u00eda<\/span> <span class=\"meta-nav\">&rarr;<\/span><\/a><\/p>\n","protected":false},"author":2,"featured_media":3359,"parent":355,"menu_order":0,"comment_status":"open","ping_status":"open","template":"template-carreras-grado-convocatorias.php","meta":[],"acf":[],"_links":{"self":[{"href":"https:\/\/www.coneau.gob.ar\/coneau\/wp-json\/wp\/v2\/pages\/3356"}],"collection":[{"href":"https:\/\/www.coneau.gob.ar\/coneau\/wp-json\/wp\/v2\/pages"}],"about":[{"href":"https:\/\/www.coneau.gob.ar\/coneau\/wp-json\/wp\/v2\/types\/page"}],"author":[{"embeddable":true,"href":"https:\/\/www.coneau.gob.ar\/coneau\/wp-json\/wp\/v2\/users\/2"}],"replies":[{"embeddable":true,"href":"https:\/\/www.coneau.gob.ar\/coneau\/wp-json\/wp\/v2\/comments?post=3356"}],"version-history":[{"count":20,"href":"https:\/\/www.coneau.gob.ar\/coneau\/wp-json\/wp\/v2\/pages\/3356\/revisions"}],"predecessor-version":[{"id":13004,"href":"https:\/\/www.coneau.gob.ar\/coneau\/wp-json\/wp\/v2\/pages\/3356\/revisions\/13004"}],"up":[{"embeddable":true,"href":"https:\/\/www.coneau.gob.ar\/coneau\/wp-json\/wp\/v2\/pages\/355"}],"wp:featuredmedia":[{"embeddable":true,"href":"https:\/\/www.coneau.gob.ar\/coneau\/wp-json\/wp\/v2\/media\/3359"}],"wp:attachment":[{"href":"https:\/\/www.coneau.gob.ar\/coneau\/wp-json\/wp\/v2\/media?parent=3356"}],"curies":[{"name":"wp","href":"https:\/\/api.w.org\/{rel}","templated":true}]}}