{"id":3316,"date":"2017-10-18T15:17:24","date_gmt":"2017-10-18T18:17:24","guid":{"rendered":"http:\/\/www.coneau.gob.ar\/CONEAU\/?page_id=3316"},"modified":"2019-02-08T16:22:25","modified_gmt":"2019-02-08T19:22:25","slug":"programa-de-introduccion-a-los-procesos-de-evaluacion-y-acreditacion-universitaria","status":"publish","type":"page","link":"https:\/\/www.coneau.gob.ar\/coneau\/programa-de-introduccion-a-los-procesos-de-evaluacion-y-acreditacion-universitaria\/","title":{"rendered":"Programa de Introducci\u00f3n a los Procesos de Evaluaci\u00f3n y Acreditaci\u00f3n Universitaria"},"content":{"rendered":"<p style=\"text-align: justify;\"><strong>Los conocimientos que requieren los diversos actores comprometidos con la evaluaci\u00f3n de la calidad en Educaci\u00f3n Superior han dado lugar a un campo profesional que alcanza cada vez mayores niveles de especializaci\u00f3n.<\/strong><\/p>\n<p style=\"text-align: justify;\">Con el prop\u00f3sito de dar respuesta a este campo, la Comisi\u00f3n Nacional de Evaluaci\u00f3n y Acreditaci\u00f3n Universitaria &#8211; CONEAU propone un curso introductorio en evaluaci\u00f3n y acreditaci\u00f3n universitaria para el fortalecimiento del sistema de evaluaci\u00f3n tanto de las instituciones como de las carreras de grado y posgrado.<\/p>\n<p style=\"text-align: justify;\">El curso se enmarca dentro del\u00a0espacio de Formaci\u00f3n en Evaluaci\u00f3n y Acreditaci\u00f3n, denominado Phr\u00f3nesis, creado en 2003 ante la necesidad de capacitaci\u00f3n por parte de t\u00e9cnicos, evaluadores y responsables de los sistemas de calidad de las instituciones universitarias.<\/p>\n<p style=\"text-align: justify;\">Los contenidos de este curso se nutren de la producci\u00f3n acad\u00e9mica en torno a la calidad universitaria, los documentos descriptivos y reflexivos que se elaboran en las instancias gubernamentales, la normativa vigente y la experticia adquirida en la implementaci\u00f3n de procesos concretos de evaluaci\u00f3n institucional y acreditaci\u00f3n de carreras.<\/p>\n<p style=\"text-align: justify;\">En este curso, la CONEAU considera que es tambi\u00e9n relevante la actualizaci\u00f3n con respecto a la experiencia internacional. Se estudian los sistemas de evaluaci\u00f3n y acreditaci\u00f3n implementados en otros pa\u00edses del mundo al tiempo que se ponen sobre la mesa las problem\u00e1ticas comunes referidas a la evaluaci\u00f3n de la calidad de la educaci\u00f3n superior. El an\u00e1lisis comparativo de los dise\u00f1os institucionales de los organismos de evaluaci\u00f3n y acreditaci\u00f3n y las formas de evaluaci\u00f3n adoptadas a lo largo de otros pa\u00edses y regiones, y la constante reflexi\u00f3n sobre el rol de la evaluaci\u00f3n de la calidad para el mejoramiento de los sistemas universitarios, apuntan a enriquecer la comprensi\u00f3n de las particularidades del sistema argentino y la valoraci\u00f3n de sus logros y desaf\u00edos para el futuro.<\/p>\n<p style=\"text-align: justify;\"><a href=\"https:\/\/www.coneau.gob.ar\/wp-content\/uploads\/2017\/03\/Collage-1-e1504884657183.jpg\"><img decoding=\"async\" loading=\"lazy\" class=\"alignnone wp-image-3181\" src=\"https:\/\/www.coneau.gob.ar\/wp-content\/uploads\/2017\/03\/Collage-1-e1504884657183.jpg\" alt=\"Collage 1\" width=\"550\" height=\"152\" srcset=\"https:\/\/www.coneau.gob.ar\/coneau\/wp-content\/uploads\/2017\/03\/Collage-1-e1504884657183.jpg 945w, https:\/\/www.coneau.gob.ar\/coneau\/wp-content\/uploads\/2017\/03\/Collage-1-e1504884657183-300x83.jpg 300w\" sizes=\"(max-width: 550px) 100vw, 550px\" \/><\/a><\/p>\n<p style=\"text-align: justify;\">Los participantes podr\u00e1n estudiar las pol\u00edticas de evaluaci\u00f3n de la calidad de la educaci\u00f3n superior desde una perspectiva internacional y comparada, con especial \u00e9nfasis en las funciones de la CONEAU y en la proyecci\u00f3n internacional del organismo.<\/p>\n<p style=\"text-align: justify;\"><a href=\"https:\/\/www.coneau.gob.ar\/wp-content\/uploads\/2017\/03\/Collage-1-11-e1504885279285.jpg\"><img decoding=\"async\" loading=\"lazy\" class=\"alignnone wp-image-3183\" src=\"https:\/\/www.coneau.gob.ar\/wp-content\/uploads\/2017\/03\/Collage-1-11-e1504885279285.jpg\" alt=\"Collage 1 (1)\" width=\"550\" height=\"154\" srcset=\"https:\/\/www.coneau.gob.ar\/coneau\/wp-content\/uploads\/2017\/03\/Collage-1-11-e1504885279285.jpg 945w, https:\/\/www.coneau.gob.ar\/coneau\/wp-content\/uploads\/2017\/03\/Collage-1-11-e1504885279285-300x84.jpg 300w\" sizes=\"(max-width: 550px) 100vw, 550px\" \/><\/a>Asimismo, se actualizar\u00e1n y profundizar\u00e1n conocimientos sobre procedimientos y metodolog\u00edas para la implementaci\u00f3n de la evaluaci\u00f3n de proyectos institucionales, la evaluaci\u00f3n externa de instituciones y la acreditaci\u00f3n de carreras de grado y posgrado. Se espera de esta manera fortalecer las capacidades de gesti\u00f3n de los actores involucrados en el sistema de evaluaci\u00f3n y acreditaci\u00f3n, en sus respectivos roles: directivos, expertos, profesionales, t\u00e9cnicos, entre otros, con el fin de mejorar las autoevaluaciones en las instituciones y carreras universitarias y facilitar los procesos de evaluaci\u00f3n y acreditaci\u00f3n que lleva a cabo la CONEAU.<\/p>\n<p><a href=\"https:\/\/www.coneau.gob.ar\/?p=3172\">Edici\u00f3n 2017<\/a><\/p>\n<p><strong><a href=\"https:\/\/www.coneau.gob.ar\/wp-content\/uploads\/2017\/03\/Collage-1-1-e1504885207552.jpg\"><img decoding=\"async\" loading=\"lazy\" class=\"alignnone wp-image-3182\" src=\"https:\/\/www.coneau.gob.ar\/wp-content\/uploads\/2017\/03\/Collage-1-1-e1504885207552.jpg\" alt=\"Collage 1 (1)\" width=\"550\" height=\"148\" srcset=\"https:\/\/www.coneau.gob.ar\/coneau\/wp-content\/uploads\/2017\/03\/Collage-1-1-e1504885207552.jpg 945w, https:\/\/www.coneau.gob.ar\/coneau\/wp-content\/uploads\/2017\/03\/Collage-1-1-e1504885207552-300x81.jpg 300w\" sizes=\"(max-width: 550px) 100vw, 550px\" \/><\/a><\/strong><\/p>\n","protected":false},"excerpt":{"rendered":"<p>Los conocimientos que requieren los diversos actores comprometidos con la evaluaci\u00f3n de la calidad en Educaci\u00f3n Superior han dado lugar a un campo profesional que alcanza cada vez mayores niveles de especializaci\u00f3n. Con el prop\u00f3sito de dar respuesta a este campo, la Comisi\u00f3n Nacional de Evaluaci\u00f3n y Acreditaci\u00f3n Universitaria &#8211; CONEAU propone un curso introductorio &hellip; <a href=\"https:\/\/www.coneau.gob.ar\/coneau\/programa-de-introduccion-a-los-procesos-de-evaluacion-y-acreditacion-universitaria\/\" class=\"more-link\">Seguir leyendo <span class=\"screen-reader-text\">Programa de Introducci\u00f3n a los Procesos de Evaluaci\u00f3n y Acreditaci\u00f3n Universitaria<\/span> <span class=\"meta-nav\">&rarr;<\/span><\/a><\/p>\n","protected":false},"author":2,"featured_media":2519,"parent":0,"menu_order":0,"comment_status":"open","ping_status":"open","template":"template-formaciones.php","meta":[],"acf":[],"_links":{"self":[{"href":"https:\/\/www.coneau.gob.ar\/coneau\/wp-json\/wp\/v2\/pages\/3316"}],"collection":[{"href":"https:\/\/www.coneau.gob.ar\/coneau\/wp-json\/wp\/v2\/pages"}],"about":[{"href":"https:\/\/www.coneau.gob.ar\/coneau\/wp-json\/wp\/v2\/types\/page"}],"author":[{"embeddable":true,"href":"https:\/\/www.coneau.gob.ar\/coneau\/wp-json\/wp\/v2\/users\/2"}],"replies":[{"embeddable":true,"href":"https:\/\/www.coneau.gob.ar\/coneau\/wp-json\/wp\/v2\/comments?post=3316"}],"version-history":[{"count":9,"href":"https:\/\/www.coneau.gob.ar\/coneau\/wp-json\/wp\/v2\/pages\/3316\/revisions"}],"predecessor-version":[{"id":4785,"href":"https:\/\/www.coneau.gob.ar\/coneau\/wp-json\/wp\/v2\/pages\/3316\/revisions\/4785"}],"wp:featuredmedia":[{"embeddable":true,"href":"https:\/\/www.coneau.gob.ar\/coneau\/wp-json\/wp\/v2\/media\/2519"}],"wp:attachment":[{"href":"https:\/\/www.coneau.gob.ar\/coneau\/wp-json\/wp\/v2\/media?parent=3316"}],"curies":[{"name":"wp","href":"https:\/\/api.w.org\/{rel}","templated":true}]}}