{"id":266,"date":"2015-06-18T19:16:06","date_gmt":"2015-06-18T19:16:06","guid":{"rendered":"http:\/\/hakuna.com.ar\/projects\/coneau\/wordpress\/?page_id=266"},"modified":"2020-05-28T11:20:35","modified_gmt":"2020-05-28T14:20:35","slug":"contacto-del-area","status":"publish","type":"page","link":"https:\/\/www.coneau.gob.ar\/coneau\/acreditacion-de-carreras\/carreras-de-grado\/contacto-del-area\/","title":{"rendered":"Contacto del \u00c1rea"},"content":{"rendered":"<blockquote>\n<blockquote><p><strong>Mesa de ayuda<\/strong><\/p><\/blockquote>\n<blockquote><p><span style=\"color: #3771b0;\"><strong>\u00c1rea de Sistemas <\/strong><\/span>(Consultas T\u00e9cnicas)<\/p>\n<p><a href=\"mailto:global@coneau.gob.ar\">global@coneau.gob.ar<\/a><\/p><\/blockquote>\n<blockquote><p><span style=\"color: #3771b0;\"><strong>\u00c1rea de Grado<\/strong><\/span> (Consultas de contenidos)<br \/>\n<a href=\"mailto:acreditaciongrado@coneau.gob.ar\">acreditaciongrado@coneau.gob.ar<\/a><\/p><\/blockquote>\n<\/blockquote>\n","protected":false},"excerpt":{"rendered":"<p>Mesa de ayuda \u00c1rea de Sistemas (Consultas T\u00e9cnicas) global@coneau.gob.ar \u00c1rea de Grado (Consultas de contenidos) acreditaciongrado@coneau.gob.ar<\/p>\n","protected":false},"author":2,"featured_media":1101,"parent":39,"menu_order":0,"comment_status":"open","ping_status":"closed","template":"template-cgrado.php","meta":[],"acf":[],"_links":{"self":[{"href":"https:\/\/www.coneau.gob.ar\/coneau\/wp-json\/wp\/v2\/pages\/266"}],"collection":[{"href":"https:\/\/www.coneau.gob.ar\/coneau\/wp-json\/wp\/v2\/pages"}],"about":[{"href":"https:\/\/www.coneau.gob.ar\/coneau\/wp-json\/wp\/v2\/types\/page"}],"author":[{"embeddable":true,"href":"https:\/\/www.coneau.gob.ar\/coneau\/wp-json\/wp\/v2\/users\/2"}],"replies":[{"embeddable":true,"href":"https:\/\/www.coneau.gob.ar\/coneau\/wp-json\/wp\/v2\/comments?post=266"}],"version-history":[{"count":7,"href":"https:\/\/www.coneau.gob.ar\/coneau\/wp-json\/wp\/v2\/pages\/266\/revisions"}],"predecessor-version":[{"id":5840,"href":"https:\/\/www.coneau.gob.ar\/coneau\/wp-json\/wp\/v2\/pages\/266\/revisions\/5840"}],"up":[{"embeddable":true,"href":"https:\/\/www.coneau.gob.ar\/coneau\/wp-json\/wp\/v2\/pages\/39"}],"wp:featuredmedia":[{"embeddable":true,"href":"https:\/\/www.coneau.gob.ar\/coneau\/wp-json\/wp\/v2\/media\/1101"}],"wp:attachment":[{"href":"https:\/\/www.coneau.gob.ar\/coneau\/wp-json\/wp\/v2\/media?parent=266"}],"curies":[{"name":"wp","href":"https:\/\/api.w.org\/{rel}","templated":true}]}}