{"id":23,"date":"2015-05-26T17:37:32","date_gmt":"2015-05-26T17:37:32","guid":{"rendered":"http:\/\/hakuna.com.ar\/projects\/coneau\/wordpress\/?page_id=23"},"modified":"2026-03-03T18:07:31","modified_gmt":"2026-03-03T21:07:31","slug":"publicaciones","status":"publish","type":"page","link":"https:\/\/www.coneau.gob.ar\/coneau\/publicaciones\/","title":{"rendered":"Publicaciones"},"content":{"rendered":"<p><strong> \u2666<a href=\"https:\/\/www.coneau.gob.ar\/coneau\/el-aseguramiento-de-la-calidad-en-la-educacion-superior\/\"> Aseguramiento de la Calidad en Educaci\u00f3n Superior<\/a><\/strong><\/p>\n<p><strong>\u2666<a href=\"https:\/\/www.coneau.gob.ar\/coneau\/el-sistema-universitario-en-argentina\/\"> El sistema universitario en Argentina<\/a><\/strong><\/p>\n<p><strong>\u2666<a href=\"https:\/\/www.coneau.gob.ar\/coneau\/estudios-sobre-los-procesos-evaluativos\/\" target=\"_blank\" rel=\"noopener noreferrer\"> Estudios sobre los procesos evaluativos<\/a><\/strong><\/p>\n<p><strong>\u2666 <a href=\"https:\/\/www.coneau.gob.ar\/coneau\/guias-de-posgrados\/\" target=\"_blank\" rel=\"noopener\">Gu\u00edas de Posgrados Acreditados<\/a><\/strong><\/p>\n<p><strong>\u2666 <a href=\"https:\/\/www.coneau.gob.ar\/coneau\/publicaciones\/evaluaciones-externas\/\" target=\"_blank\" rel=\"noopener noreferrer\">Evaluaciones Externas de las Instituciones Universitarias en Argentina<\/a><\/strong><\/p>\n<p><strong>\u2666 <\/strong><a href=\"https:\/\/www.coneau.gob.ar\/coneau\/informes-estadisticos\/\"><strong>Informes estad\u00edsticos<\/strong><\/a><\/p>\n<p><strong>\u2666 <a href=\"https:\/\/www.coneau.gob.ar\/coneau\/coleccion-coneau-reforma-universitaria\/\" target=\"_blank\" rel=\"noopener noreferrer\">100 a\u00f1os de Reforma Universitaria<\/a><\/strong><\/p>\n<p style=\"text-align: justify;\">Cada publicaci\u00f3n tiene por prop\u00f3sito ofrecer informaci\u00f3n confiable sobre distintos aspectos del sistema universitario al tiempo que favorece al cumplimiento del car\u00e1cter p\u00fablico que deben tener los procesos de acreditaci\u00f3n al contribuir con la difusi\u00f3n nacional e internacional de la oferta de posgrados de las instituciones universitarias argentinas.<\/p>\n","protected":false},"excerpt":{"rendered":"<p>\u2666 Aseguramiento de la Calidad en Educaci\u00f3n Superior \u2666 El sistema universitario en Argentina \u2666 Estudios sobre los procesos evaluativos \u2666 Gu\u00edas de Posgrados Acreditados \u2666 Evaluaciones Externas de las Instituciones Universitarias en Argentina \u2666 Informes estad\u00edsticos \u2666 100 a\u00f1os de Reforma Universitaria Cada publicaci\u00f3n tiene por prop\u00f3sito ofrecer informaci\u00f3n confiable sobre distintos aspectos del &hellip; <a href=\"https:\/\/www.coneau.gob.ar\/coneau\/publicaciones\/\" class=\"more-link\">Seguir leyendo <span class=\"screen-reader-text\">Publicaciones<\/span> <span class=\"meta-nav\">&rarr;<\/span><\/a><\/p>\n","protected":false},"author":2,"featured_media":1078,"parent":0,"menu_order":2,"comment_status":"open","ping_status":"closed","template":"template-publicaciones.php","meta":[],"acf":[],"_links":{"self":[{"href":"https:\/\/www.coneau.gob.ar\/coneau\/wp-json\/wp\/v2\/pages\/23"}],"collection":[{"href":"https:\/\/www.coneau.gob.ar\/coneau\/wp-json\/wp\/v2\/pages"}],"about":[{"href":"https:\/\/www.coneau.gob.ar\/coneau\/wp-json\/wp\/v2\/types\/page"}],"author":[{"embeddable":true,"href":"https:\/\/www.coneau.gob.ar\/coneau\/wp-json\/wp\/v2\/users\/2"}],"replies":[{"embeddable":true,"href":"https:\/\/www.coneau.gob.ar\/coneau\/wp-json\/wp\/v2\/comments?post=23"}],"version-history":[{"count":22,"href":"https:\/\/www.coneau.gob.ar\/coneau\/wp-json\/wp\/v2\/pages\/23\/revisions"}],"predecessor-version":[{"id":14239,"href":"https:\/\/www.coneau.gob.ar\/coneau\/wp-json\/wp\/v2\/pages\/23\/revisions\/14239"}],"wp:featuredmedia":[{"embeddable":true,"href":"https:\/\/www.coneau.gob.ar\/coneau\/wp-json\/wp\/v2\/media\/1078"}],"wp:attachment":[{"href":"https:\/\/www.coneau.gob.ar\/coneau\/wp-json\/wp\/v2\/media?parent=23"}],"curies":[{"name":"wp","href":"https:\/\/api.w.org\/{rel}","templated":true}]}}