{"id":204,"date":"2015-06-18T16:03:20","date_gmt":"2015-06-18T16:03:20","guid":{"rendered":"http:\/\/hakuna.com.ar\/projects\/coneau\/wordpress\/?page_id=204"},"modified":"2015-09-10T10:17:09","modified_gmt":"2015-09-10T13:17:09","slug":"modificacion-al-proyecto","status":"publish","type":"page","link":"https:\/\/www.coneau.gob.ar\/coneau\/evaluacion-institucional\/proyectos-institucionales\/modificacion-al-proyecto\/","title":{"rendered":"Modificaci\u00f3n al proyecto"},"content":{"rendered":"<h3><strong><span style=\"color: #3771b0;\">Seguimiento de las instituciones universitarias privadas con autorizaci\u00f3n provisoria<\/span><\/strong><\/h3>\n<h4><strong>\u00bfEn qu\u00e9 consiste?<\/strong><\/h4>\n<p style=\"text-align: justify;\">La ley de Educaci\u00f3n Superior (LES), en el art\u00edculo 64\u00ba inciso a, establece que durante el per\u00edodo de funcionamiento con autorizaci\u00f3n provisoria de las instituciones universitarias, la labor de la CONEAU contin\u00faa en dos instancias: an\u00e1lisis de informes anuales y evaluaci\u00f3n de solicitudes de modificaci\u00f3n del proyecto institucional.<\/p>\n<hr \/>\n<h3><span style=\"color: #3771b0;\"><strong>Modificaci<\/strong><strong>ones al proyecto <\/strong><\/span><\/h3>\n<h4><strong>\u00bfQu\u00e9 es <\/strong><strong>una modificaci\u00f3n al proyecto?<\/strong><\/h4>\n<p style=\"text-align: justify;\">Toda modificaci\u00f3n al plan de acci\u00f3n original que realicen las instituciones universitarias con autorizaci\u00f3n provisoria (reformas de sus estatutos, creaci\u00f3n de nuevas carreras, grados o t\u00edtulos y cambios en los planes de estudio) debe ser autorizad<strong><u>a<\/u><\/strong> por el Ministerio de Educaci\u00f3n, previo informe favorable de la CONEAU.<\/p>\n<h4><strong>\u00bfC\u00f3mo se realiza?<\/strong><\/h4>\n<p style=\"text-align: justify;\">La calidad y pertinencia de las modificaciones propuestas han de ser analizadas desde dos perspectivas: su adecuaci\u00f3n al proyecto institucional original aprobado y la capacidad institucional para implementarla. Por tales razones, las modificaciones al proyecto institucional deben contener justificaciones detalladas y an\u00e1lisis de prefactibilidad y pertinencia.<\/p>\n","protected":false},"excerpt":{"rendered":"<p>Seguimiento de las instituciones universitarias privadas con autorizaci\u00f3n provisoria \u00bfEn qu\u00e9 consiste? La ley de Educaci\u00f3n Superior (LES), en el art\u00edculo 64\u00ba inciso a, establece que durante el per\u00edodo de funcionamiento con autorizaci\u00f3n provisoria de las instituciones universitarias, la labor de la CONEAU contin\u00faa en dos instancias: an\u00e1lisis de informes anuales y evaluaci\u00f3n de solicitudes &hellip; <a href=\"https:\/\/www.coneau.gob.ar\/coneau\/evaluacion-institucional\/proyectos-institucionales\/modificacion-al-proyecto\/\" class=\"more-link\">Seguir leyendo <span class=\"screen-reader-text\">Modificaci\u00f3n al proyecto<\/span> <span class=\"meta-nav\">&rarr;<\/span><\/a><\/p>\n","protected":false},"author":2,"featured_media":1091,"parent":31,"menu_order":0,"comment_status":"open","ping_status":"closed","template":"template-proyectos-institucionales.php","meta":[],"acf":[],"_links":{"self":[{"href":"https:\/\/www.coneau.gob.ar\/coneau\/wp-json\/wp\/v2\/pages\/204"}],"collection":[{"href":"https:\/\/www.coneau.gob.ar\/coneau\/wp-json\/wp\/v2\/pages"}],"about":[{"href":"https:\/\/www.coneau.gob.ar\/coneau\/wp-json\/wp\/v2\/types\/page"}],"author":[{"embeddable":true,"href":"https:\/\/www.coneau.gob.ar\/coneau\/wp-json\/wp\/v2\/users\/2"}],"replies":[{"embeddable":true,"href":"https:\/\/www.coneau.gob.ar\/coneau\/wp-json\/wp\/v2\/comments?post=204"}],"version-history":[{"count":5,"href":"https:\/\/www.coneau.gob.ar\/coneau\/wp-json\/wp\/v2\/pages\/204\/revisions"}],"predecessor-version":[{"id":1276,"href":"https:\/\/www.coneau.gob.ar\/coneau\/wp-json\/wp\/v2\/pages\/204\/revisions\/1276"}],"up":[{"embeddable":true,"href":"https:\/\/www.coneau.gob.ar\/coneau\/wp-json\/wp\/v2\/pages\/31"}],"wp:featuredmedia":[{"embeddable":true,"href":"https:\/\/www.coneau.gob.ar\/coneau\/wp-json\/wp\/v2\/media\/1091"}],"wp:attachment":[{"href":"https:\/\/www.coneau.gob.ar\/coneau\/wp-json\/wp\/v2\/media?parent=204"}],"curies":[{"name":"wp","href":"https:\/\/api.w.org\/{rel}","templated":true}]}}