{"id":14373,"date":"2026-03-10T13:00:16","date_gmt":"2026-03-10T16:00:16","guid":{"rendered":"https:\/\/www.coneau.gob.ar\/coneau\/?page_id=14373"},"modified":"2026-03-10T13:02:26","modified_gmt":"2026-03-10T16:02:26","slug":"tecnologia-en-ciencias-y-tecnologias-de-los-alimentos","status":"publish","type":"page","link":"https:\/\/www.coneau.gob.ar\/coneau\/acreditacion-de-carreras\/carreras-de-grado\/convocatorias\/proyectos\/tecnologia-en-ciencias-y-tecnologias-de-los-alimentos\/","title":{"rendered":"Tecnolog\u00eda en Ciencias y Tecnolog\u00edas de los Alimentos"},"content":{"rendered":"<p>Est\u00e1ndares para las carreras de Lic. En Ciencias y Tecnolog\u00eda de los Alimentos:\u00a0<a href=\"https:\/\/www.coneau.gob.ar\/archivos\/resoluciones\/Res2615-2023-LicenciaturaCiencia-TecnologiaAlimentos.pdf\">RESOL-2023-2615-APN-ME<\/a>\u00a0\u00a0<a href=\"https:\/\/www.coneau.gob.ar\/archivos\/resoluciones\/anexo_7013722_1-Lic-Ciencia-Tec-Alimentos.pdf\">Anexo 1<\/a>\u00a0|\u00a0<a href=\"https:\/\/www.coneau.gob.ar\/archivos\/resoluciones\/anexo_7013722_2-Lic-Ciencia-Tec-Alimentos.pdf\">Anexo 2<\/a>\u00a0|\u00a0<a href=\"https:\/\/www.coneau.gob.ar\/archivos\/resoluciones\/anexo_7013722_3-Lic-Ciencia-Tec-Alimentos.pdf\">Anexo 3<\/a>\u00a0|\u00a0<a href=\"https:\/\/www.coneau.gob.ar\/archivos\/resoluciones\/anexo_7013722_4-Lic-Ciencia-Tec-Alimentos.pdf\">Anexo 4<\/a>\u00a0|\u00a0<a href=\"https:\/\/www.coneau.gob.ar\/archivos\/resoluciones\/anexo_7013722_5-Lic-Ciencia-Tec-Alimentos.pdf\">Anexo 5<\/a><\/p>\n<h3><strong>Convocatoria 2025<\/strong><\/h3>\n<p>\u2666<a href=\"https:\/\/www.coneau.gob.ar\/archivos\/resoluciones\/RESME51-10.pdf\">\u00a0<strong>RM N\u00ba 51\/10<\/strong><\/a><\/p>\n<p><strong>\u2666<\/strong><a href=\"https:\/\/www.coneau.gob.ar\/archivos\/ordenanzas\/IF-2017-32940042-APN-CONEAU-ME.pdf\">\u00a0Ordenanza CONEAU N\u00ba 62<\/a><\/p>\n<p><strong>\u2666\u00a0<\/strong><a href=\"https:\/\/www.coneau.gob.ar\/coneau\/wp-content\/uploads\/2020\/08\/IF-2020-50493513-APN-CONEAUME-Ordenanza-N%C2%B0-070.pdf\">Ordenanza CONEAU N\u00b0 70<\/a><strong>\u00a0|\u00a0<\/strong><a href=\"https:\/\/www.coneau.gob.ar\/archivos\/ordenanzas\/Orde070.pdf\">RESFC-2020-241-APN-CONEAU#ME<\/a><\/p>\n<p>\u2666<strong>\u00a0<\/strong><strong>Formalizaci\u00f3n de proyectos:<\/strong><strong>\u00a0<\/strong>hasta el 15 de septiembre de 2025\u00a0a trav\u00e9s de\u00a0<a href=\"https:\/\/global.coneau.gob.ar\/coneauglobal\/\"><strong>CONEAU Global<\/strong><\/a>.<\/p>\n<p>\u2666<strong>\u00a0Presentaci\u00f3n de\u00a0proyectos:\u00a0<\/strong>hasta el 31 de octubre de 2025 a trav\u00e9s de\u00a0<strong>\u00a0<\/strong><a href=\"https:\/\/global.coneau.gob.ar\/coneauglobal\/\"><strong>CONEAU Global<\/strong><\/a>.<\/p>\n<p>\u2666\u00a0<strong>Apertura del expediente electr\u00f3nico:\u00a0<\/strong>hasta el 31 de octubre de 2021 a trav\u00e9s de<a href=\"http:\/\/tramitesadistancia.gob.ar\/tramitesadistancia\/inicio-publico\">\u00a0TAD<\/a>.\u00a0Para obtener m\u00e1s informaci\u00f3n sobre este procedimiento<a href=\"https:\/\/www.coneau.gob.ar\/?page_id=2691\">\u00a0<strong>click aqu\u00ed<\/strong>.<\/a><\/p>\n<p><strong>\u2666<\/strong><a href=\"https:\/\/www.coneau.gob.ar\/ayuda\/\"><strong>\u00a0Consultar Tutoriales sobre CONEAU GLOBAL<\/strong><\/a><\/p>\n<p><strong>\u00a0<\/strong><\/p>\n<p><strong>Mesa de ayuda<\/strong><\/p>\n<p><strong>\u00c1rea de Sistemas<\/strong><\/p>\n<p><a href=\"mailto:global@coneau.gob.ar\">global@coneau.gob.ar<\/a> (Consultas t\u00e9cnicas sobre CONEAU Global)<\/p>\n<p><strong>\u00c1rea de Grado<\/strong><br \/>\n<a href=\"mailto:arquitectura@coneau.gob.ar\">proyectosgrado@coneau.gob.ar<\/a> (Consultas de contenidos)<\/p>\n<p><a href=\"mailto:acreditaciongrado@coneau.gob.ar\">acreditaciongrado@coneau.gob.ar<\/a> (Consultas administrativas)<\/p>\n<p><strong>\u00a0<\/strong><\/p>\n","protected":false},"excerpt":{"rendered":"<p>Est\u00e1ndares para las carreras de Lic. En Ciencias y Tecnolog\u00eda de los Alimentos:\u00a0RESOL-2023-2615-APN-ME\u00a0\u00a0Anexo 1\u00a0|\u00a0Anexo 2\u00a0|\u00a0Anexo 3\u00a0|\u00a0Anexo 4\u00a0|\u00a0Anexo 5 Convocatoria 2025 \u2666\u00a0RM N\u00ba 51\/10 \u2666\u00a0Ordenanza CONEAU N\u00ba 62 \u2666\u00a0Ordenanza CONEAU N\u00b0 70\u00a0|\u00a0RESFC-2020-241-APN-CONEAU#ME \u2666\u00a0Formalizaci\u00f3n de proyectos:\u00a0hasta el 15 de septiembre de 2025\u00a0a trav\u00e9s de\u00a0CONEAU Global. \u2666\u00a0Presentaci\u00f3n de\u00a0proyectos:\u00a0hasta el 31 de octubre de 2025 a trav\u00e9s de\u00a0\u00a0CONEAU Global. &hellip; <a href=\"https:\/\/www.coneau.gob.ar\/coneau\/acreditacion-de-carreras\/carreras-de-grado\/convocatorias\/proyectos\/tecnologia-en-ciencias-y-tecnologias-de-los-alimentos\/\" class=\"more-link\">Seguir leyendo <span class=\"screen-reader-text\">Tecnolog\u00eda en Ciencias y Tecnolog\u00edas de los Alimentos<\/span> <span class=\"meta-nav\">&rarr;<\/span><\/a><\/p>\n","protected":false},"author":2,"featured_media":14362,"parent":357,"menu_order":22,"comment_status":"closed","ping_status":"closed","template":"template-carreras-grado-convocatorias.php","meta":[],"acf":[],"_links":{"self":[{"href":"https:\/\/www.coneau.gob.ar\/coneau\/wp-json\/wp\/v2\/pages\/14373"}],"collection":[{"href":"https:\/\/www.coneau.gob.ar\/coneau\/wp-json\/wp\/v2\/pages"}],"about":[{"href":"https:\/\/www.coneau.gob.ar\/coneau\/wp-json\/wp\/v2\/types\/page"}],"author":[{"embeddable":true,"href":"https:\/\/www.coneau.gob.ar\/coneau\/wp-json\/wp\/v2\/users\/2"}],"replies":[{"embeddable":true,"href":"https:\/\/www.coneau.gob.ar\/coneau\/wp-json\/wp\/v2\/comments?post=14373"}],"version-history":[{"count":3,"href":"https:\/\/www.coneau.gob.ar\/coneau\/wp-json\/wp\/v2\/pages\/14373\/revisions"}],"predecessor-version":[{"id":14379,"href":"https:\/\/www.coneau.gob.ar\/coneau\/wp-json\/wp\/v2\/pages\/14373\/revisions\/14379"}],"up":[{"embeddable":true,"href":"https:\/\/www.coneau.gob.ar\/coneau\/wp-json\/wp\/v2\/pages\/357"}],"wp:featuredmedia":[{"embeddable":true,"href":"https:\/\/www.coneau.gob.ar\/coneau\/wp-json\/wp\/v2\/media\/14362"}],"wp:attachment":[{"href":"https:\/\/www.coneau.gob.ar\/coneau\/wp-json\/wp\/v2\/media?parent=14373"}],"curies":[{"name":"wp","href":"https:\/\/api.w.org\/{rel}","templated":true}]}}