{"id":14360,"date":"2026-03-10T12:45:28","date_gmt":"2026-03-10T15:45:28","guid":{"rendered":"https:\/\/www.coneau.gob.ar\/coneau\/?page_id=14360"},"modified":"2026-03-12T09:50:00","modified_gmt":"2026-03-12T12:50:00","slug":"bromatologia","status":"publish","type":"page","link":"https:\/\/www.coneau.gob.ar\/coneau\/acreditacion-de-carreras\/carreras-de-grado\/convocatorias\/proyectos\/bromatologia\/","title":{"rendered":"Bromatolog\u00eda"},"content":{"rendered":"<p>Est\u00e1ndares de acreditaci\u00f3n para las carreras de Bromatolog\u00eda I <a href=\"https:\/\/coneau.gob.ar\/archivos\/resoluciones\/RESFC-2025-259-APN-CONEAUMCH.pdf\">RESFC-2025-259-APN-CONEAU#MCH<\/a><\/p>\n<p><strong>Convocatoria 2026<\/strong><\/p>\n<p>\u2666<a href=\"https:\/\/www.coneau.gob.ar\/archivos\/resoluciones\/RESME51-10.pdf\">\u00a0<strong>RM N\u00ba 51\/10<\/strong><\/a><\/p>\n<p><strong>\u2666<\/strong><a href=\"https:\/\/www.coneau.gob.ar\/archivos\/ordenanzas\/IF-2017-32940042-APN-CONEAU-ME.pdf\"><strong>\u00a0Ordenanza CONEAU N\u00ba 62<\/strong><\/a><\/p>\n<p><strong>\u2666<\/strong><strong>\u00a0<\/strong><a href=\"https:\/\/www.coneau.gob.ar\/coneau\/wp-content\/uploads\/2020\/08\/IF-2020-50493513-APN-CONEAUME-Ordenanza-N%C2%B0-070.pdf\"><strong>Ordenanza CONEAU N\u00b0 70<\/strong><\/a><strong>\u00a0|\u00a0<\/strong><a href=\"https:\/\/www.coneau.gob.ar\/archivos\/ordenanzas\/Orde070.pdf\">RESFC-2020-241-APN-CONEAU#ME<\/a><\/p>\n<p>\u2666<strong>\u00a0<\/strong><strong>Formalizaci\u00f3n de proyectos:<\/strong><strong>\u00a0<\/strong>hasta el 15 de marzo de 2026\u00a0a trav\u00e9s de\u00a0<a href=\"https:\/\/global.coneau.gob.ar\/coneauglobal\/\"><strong>CONEAU Global<\/strong><\/a>.<\/p>\n<p>\u2666<strong>\u00a0Presentaci\u00f3n de\u00a0proyectos:\u00a0<\/strong>hasta el 31 de abril de 2026 a trav\u00e9s de\u00a0<strong>\u00a0<\/strong><a href=\"https:\/\/global.coneau.gob.ar\/coneauglobal\/\"><strong>CONEAU Global<\/strong><\/a>.<\/p>\n<p>\u2666\u00a0<strong>Apertura del expediente electr\u00f3nico:\u00a0<\/strong>hasta el 31 de abril de 2026 a trav\u00e9s de<a href=\"http:\/\/tramitesadistancia.gob.ar\/tramitesadistancia\/inicio-publico\"><strong>\u00a0<\/strong><strong>TAD<\/strong><\/a>.\u00a0Para obtener m\u00e1s informaci\u00f3n sobre este procedimiento<a href=\"https:\/\/www.coneau.gob.ar\/?page_id=2691\">\u00a0<strong>click aqu\u00ed<\/strong>.<\/a><\/p>\n<p><strong>\u2666<\/strong><a href=\"https:\/\/www.coneau.gob.ar\/ayuda\/\"><strong>\u00a0Consultar Tutoriales sobre CONEAU GLOBAL<\/strong><\/a><\/p>\n<p><strong>\u00a0<\/strong><\/p>\n<p><strong>Mesa de ayuda<\/strong><\/p>\n<p><strong>\u00c1rea de Sistemas<\/strong><\/p>\n<p><a href=\"mailto:global@coneau.gob.ar\">global@coneau.gob.ar<\/a> (Consultas t\u00e9cnicas sobre CONEAU Global)<\/p>\n<p><strong>\u00c1rea de Grado<\/strong><br \/>\n<a href=\"mailto:arquitectura@coneau.gob.ar\">proyectosgrado@coneau.gob.ar<\/a> (Consultas de contenidos)<\/p>\n<p><a href=\"mailto:acreditaciongrado@coneau.gob.ar\">acreditaciongrado@coneau.gob.ar<\/a> (Consultas administrativas)<\/p>\n","protected":false},"excerpt":{"rendered":"<p>Est\u00e1ndares de acreditaci\u00f3n para las carreras de Bromatolog\u00eda I RESFC-2025-259-APN-CONEAU#MCH Convocatoria 2026 \u2666\u00a0RM N\u00ba 51\/10 \u2666\u00a0Ordenanza CONEAU N\u00ba 62 \u2666\u00a0Ordenanza CONEAU N\u00b0 70\u00a0|\u00a0RESFC-2020-241-APN-CONEAU#ME \u2666\u00a0Formalizaci\u00f3n de proyectos:\u00a0hasta el 15 de marzo de 2026\u00a0a trav\u00e9s de\u00a0CONEAU Global. \u2666\u00a0Presentaci\u00f3n de\u00a0proyectos:\u00a0hasta el 31 de abril de 2026 a trav\u00e9s de\u00a0\u00a0CONEAU Global. \u2666\u00a0Apertura del expediente electr\u00f3nico:\u00a0hasta el 31 de abril &hellip; <a href=\"https:\/\/www.coneau.gob.ar\/coneau\/acreditacion-de-carreras\/carreras-de-grado\/convocatorias\/proyectos\/bromatologia\/\" class=\"more-link\">Seguir leyendo <span class=\"screen-reader-text\">Bromatolog\u00eda<\/span> <span class=\"meta-nav\">&rarr;<\/span><\/a><\/p>\n","protected":false},"author":2,"featured_media":14362,"parent":357,"menu_order":5,"comment_status":"closed","ping_status":"closed","template":"22-03-2016template-carreras-grado-convocatorias.php","meta":[],"acf":[],"_links":{"self":[{"href":"https:\/\/www.coneau.gob.ar\/coneau\/wp-json\/wp\/v2\/pages\/14360"}],"collection":[{"href":"https:\/\/www.coneau.gob.ar\/coneau\/wp-json\/wp\/v2\/pages"}],"about":[{"href":"https:\/\/www.coneau.gob.ar\/coneau\/wp-json\/wp\/v2\/types\/page"}],"author":[{"embeddable":true,"href":"https:\/\/www.coneau.gob.ar\/coneau\/wp-json\/wp\/v2\/users\/2"}],"replies":[{"embeddable":true,"href":"https:\/\/www.coneau.gob.ar\/coneau\/wp-json\/wp\/v2\/comments?post=14360"}],"version-history":[{"count":4,"href":"https:\/\/www.coneau.gob.ar\/coneau\/wp-json\/wp\/v2\/pages\/14360\/revisions"}],"predecessor-version":[{"id":14432,"href":"https:\/\/www.coneau.gob.ar\/coneau\/wp-json\/wp\/v2\/pages\/14360\/revisions\/14432"}],"up":[{"embeddable":true,"href":"https:\/\/www.coneau.gob.ar\/coneau\/wp-json\/wp\/v2\/pages\/357"}],"wp:featuredmedia":[{"embeddable":true,"href":"https:\/\/www.coneau.gob.ar\/coneau\/wp-json\/wp\/v2\/media\/14362"}],"wp:attachment":[{"href":"https:\/\/www.coneau.gob.ar\/coneau\/wp-json\/wp\/v2\/media?parent=14360"}],"curies":[{"name":"wp","href":"https:\/\/api.w.org\/{rel}","templated":true}]}}