{"id":126,"date":"2015-05-29T14:30:02","date_gmt":"2015-05-29T14:30:02","guid":{"rendered":"http:\/\/hakuna.com.ar\/projects\/coneau\/wordpress\/?page_id=126"},"modified":"2015-09-10T10:14:08","modified_gmt":"2015-09-10T13:14:08","slug":"funciones","status":"publish","type":"page","link":"https:\/\/www.coneau.gob.ar\/coneau\/la-coneau\/funciones\/","title":{"rendered":"Funciones"},"content":{"rendered":"<p><strong>Seg\u00fan la Ley N\u00b0 24.521 de Educaci\u00f3n Superior, la CONEAU tiene por funciones:<\/strong><\/p>\n<blockquote>\n<p style=\"text-align: justify;\">\u2666 Coordinar y llevar adelante la evaluaci\u00f3n externa\u00a0de las instituciones universitarias. <span style=\"color: #808080;\"><strong>\/Art\u00edculo 44\/<\/strong><\/span><\/p>\n<p style=\"text-align: justify;\">\u2666 Acreditar las carreras de grado cuando\u00a0se trate de t\u00edtulos correspondientes a profesiones reguladas por el Estado, cuyo ejercicio pudiera comprometer el inter\u00e9s p\u00fablico, poniendo en riesgo de modo directo la salud, la seguridad, los derechos, los bienes o la formaci\u00f3n de los habitantes. <span style=\"color: #808080;\"><strong>\/Art\u00edculo 43\/<\/strong><\/span><\/p>\n<p style=\"text-align: justify;\">\u2666 Acreditar carreras de posgrado, cualquiera sea el \u00e1mbito en que se desarrollen, conforme a los est\u00e1ndares que establezca el Ministerio de Cultura y Educaci\u00f3n en consulta con el Consejo de Universidades.<\/p>\n<p style=\"text-align: justify;\">\u2666 Pronunciarse sobre la consistencia y viabilidad del proyecto institucional que se requiere para que el Ministerio de Educaci\u00f3n autorice la puesta en marcha de una nueva instituci\u00f3n universitaria nacional con posterioridad a su creaci\u00f3n o el reconocimiento de una instituci\u00f3n universitaria provincial.<\/p>\n<p style=\"text-align: justify;\">\u2666 Preparar los informes requeridos para otorgar la autorizaci\u00f3n provisoria y el reconocimiento definitivo de las instituciones universitarias privadas.<\/p>\n<p style=\"text-align: justify;\">\u2666 Preparar los informes en base a los cuales se evaluar\u00e1 el per\u00edodo de funcionamiento provisorio de las\u00a0instituciones universitarias privadas.<\/p>\n<\/blockquote>\n","protected":false},"excerpt":{"rendered":"<p>Seg\u00fan la Ley N\u00b0 24.521 de Educaci\u00f3n Superior, la CONEAU tiene por funciones: \u2666 Coordinar y llevar adelante la evaluaci\u00f3n externa\u00a0de las instituciones universitarias. \/Art\u00edculo 44\/ \u2666 Acreditar las carreras de grado cuando\u00a0se trate de t\u00edtulos correspondientes a profesiones reguladas por el Estado, cuyo ejercicio pudiera comprometer el inter\u00e9s p\u00fablico, poniendo en riesgo de modo &hellip; <a href=\"https:\/\/www.coneau.gob.ar\/coneau\/la-coneau\/funciones\/\" class=\"more-link\">Seguir leyendo <span class=\"screen-reader-text\">Funciones<\/span> <span class=\"meta-nav\">&rarr;<\/span><\/a><\/p>\n","protected":false},"author":2,"featured_media":1191,"parent":7,"menu_order":0,"comment_status":"open","ping_status":"closed","template":"template-coneau.php","meta":[],"acf":[],"_links":{"self":[{"href":"https:\/\/www.coneau.gob.ar\/coneau\/wp-json\/wp\/v2\/pages\/126"}],"collection":[{"href":"https:\/\/www.coneau.gob.ar\/coneau\/wp-json\/wp\/v2\/pages"}],"about":[{"href":"https:\/\/www.coneau.gob.ar\/coneau\/wp-json\/wp\/v2\/types\/page"}],"author":[{"embeddable":true,"href":"https:\/\/www.coneau.gob.ar\/coneau\/wp-json\/wp\/v2\/users\/2"}],"replies":[{"embeddable":true,"href":"https:\/\/www.coneau.gob.ar\/coneau\/wp-json\/wp\/v2\/comments?post=126"}],"version-history":[{"count":3,"href":"https:\/\/www.coneau.gob.ar\/coneau\/wp-json\/wp\/v2\/pages\/126\/revisions"}],"predecessor-version":[{"id":1272,"href":"https:\/\/www.coneau.gob.ar\/coneau\/wp-json\/wp\/v2\/pages\/126\/revisions\/1272"}],"up":[{"embeddable":true,"href":"https:\/\/www.coneau.gob.ar\/coneau\/wp-json\/wp\/v2\/pages\/7"}],"wp:featuredmedia":[{"embeddable":true,"href":"https:\/\/www.coneau.gob.ar\/coneau\/wp-json\/wp\/v2\/media\/1191"}],"wp:attachment":[{"href":"https:\/\/www.coneau.gob.ar\/coneau\/wp-json\/wp\/v2\/media?parent=126"}],"curies":[{"name":"wp","href":"https:\/\/api.w.org\/{rel}","templated":true}]}}