{"id":12293,"date":"2025-03-14T13:06:04","date_gmt":"2025-03-14T16:06:04","guid":{"rendered":"https:\/\/www.coneau.gob.ar\/coneau\/?page_id=12293"},"modified":"2026-03-10T09:34:35","modified_gmt":"2026-03-10T12:34:35","slug":"escalas-salariales","status":"publish","type":"page","link":"https:\/\/www.coneau.gob.ar\/coneau\/escalas-salariales\/","title":{"rendered":"Escalas salariales"},"content":{"rendered":"\n<div class=\"wp-block-columns is-layout-flex wp-container-5\">\n<div class=\"wp-block-column is-layout-flow\" style=\"flex-basis:66.66%\">\n<p>La Comisi\u00f3n Nacional de Evaluaci\u00f3n y Acreditaci\u00f3n Universitaria pone a disposici\u00f3n las escalas salariales del personal actualizadas de todos los convenios con los que se rige.<\/p>\n\n\n\n<h4 class=\"wp-block-heading has-medium-gray-color has-text-color\">Asignaci\u00f3n salarial mensual bruta de las Autoridades Superiores del Poder Ejecutivo Nacional.<\/h4>\n\n\n\n<div class=\"wp-block-buttons is-layout-flex\">\n<div class=\"wp-block-button has-custom-font-size\" style=\"font-size:10px\"><a class=\"wp-block-button__link has-background wp-element-button\" href=\"https:\/\/datos.gob.ar\/dataset\/jgm-asignacion-salarial-autoridades-superiores-poder-ejecutivo-nacional\" style=\"background-color:#074b82\" target=\"_blank\" rel=\"noreferrer noopener\">consultalas en el portal de datos abiertos<\/a><\/div>\n<\/div>\n\n\n\n<div style=\"height:20px\" aria-hidden=\"true\" class=\"wp-block-spacer\"><\/div>\n\n\n\n<h4 class=\"wp-block-heading has-medium-gray-color has-text-color\">Sistema Nacional de Empleo P\u00fablico &#8211; SINEP (Decreto N\u00b0 2098\/08)<\/h4>\n\n\n\n<p>El Sistema Nacional de Empleo P\u00fablico (SINEP) es el escalaf\u00f3n que rige la carrera administrativo\/profesional dentro de la Administraci\u00f3n P\u00fablica Nacional (APN). Est\u00e1n contempladas las contrataciones alcanzadas por el&nbsp;<a rel=\"noreferrer noopener\" href=\"https:\/\/www.argentina.gob.ar\/normativa\/nacional\/decreto-2098-2008-148090\" target=\"_blank\">Convenio Colectivo de Trabajo General<\/a>&nbsp;seg\u00fan el r\u00e9gimen de la&nbsp;<a rel=\"noreferrer noopener\" href=\"https:\/\/www.argentina.gob.ar\/normativa\/nacional\/ley-25164-60458\" target=\"_blank\">Ley Marco de Empleo P\u00fablico N\u00ba 25.164<\/a>&nbsp;para el personal de Planta Permanente y&nbsp;<a rel=\"noreferrer noopener\" href=\"https:\/\/www.argentina.gob.ar\/normativa\/nacional\/decreto-1421-2002-76700\" target=\"_blank\">Personal contratado por tiempo determinado<\/a>.<\/p>\n\n\n\n<div class=\"wp-block-buttons is-layout-flex\">\n<div class=\"wp-block-button has-custom-font-size\" style=\"font-size:10px\"><a class=\"wp-block-button__link has-background wp-element-button\" href=\"https:\/\/www.argentina.gob.ar\/jefatura\/gestion-y-empleo-publico\/empleadopublico\/convenios-y-escalas-salariales\/sinep\" style=\"background-color:#074b82\" target=\"_blank\" rel=\"noreferrer noopener\">escalas salariales vigentes<\/a><\/div>\n<\/div>\n\n\n\n<div style=\"height:20px\" aria-hidden=\"true\" class=\"wp-block-spacer\"><\/div>\n\n\n\n<h4 class=\"wp-block-heading has-medium-gray-color has-text-color\">Locaci\u00f3n de servicios<\/h4>\n\n\n\n<p>Este r\u00e9gimen se regula a partir del&nbsp;<a rel=\"noreferrer noopener\" href=\"https:\/\/www.argentina.gob.ar\/normativa\/nacional\/decreto-1109-2017-305268\" target=\"_blank\">Decreto N\u00b0 1109\/17<\/a>&nbsp;y supone la contrataci\u00f3n de personas para la prestaci\u00f3n de servicios profesionales aut\u00f3nomos necesarios para el desarrollo de las tareas de un organismo p\u00fablico.<\/p>\n\n\n\n<figure class=\"wp-block-table\"><table><tbody><tr><th class=\"has-text-align-left\" data-align=\"left\">Funci\u00f3n<\/th><th class=\"has-text-align-left\" data-align=\"left\">Nivel<\/th><th class=\"has-text-align-left\" data-align=\"left\">Cantidad M\u00e1x. de UR<\/th><\/tr><tr><th class=\"has-text-align-left\" data-align=\"left\">Asistente<\/th><td class=\"has-text-align-left\" data-align=\"left\">I<br>II<\/td><td class=\"has-text-align-left\" data-align=\"left\">550<br>1000<\/td><\/tr><tr><th class=\"has-text-align-left\" data-align=\"left\">Asesor<\/th><td class=\"has-text-align-left\" data-align=\"left\">I<br>II<\/td><td class=\"has-text-align-left\" data-align=\"left\">1500<br>2000<\/td><\/tr><tr><th class=\"has-text-align-left\" data-align=\"left\">Consultor<\/th><td class=\"has-text-align-left\" data-align=\"left\">I<br>II<\/td><td class=\"has-text-align-left\" data-align=\"left\">3000<br>3750<\/td><\/tr><\/tbody><\/table><\/figure>\n\n\n\n<p><strong>Valor unidad retributiva (UR): $683,55 (<a href=\"https:\/\/www.boletinoficial.gob.ar\/detalleAviso\/primera\/308543\/20240603\" target=\"_blank\" rel=\"noreferrer noopener\">Decisi\u00f3n Administrativa 451\/2024 JGM<\/a>)<\/strong><\/p>\n\n\n\n<div style=\"height:15px\" aria-hidden=\"true\" class=\"wp-block-spacer\"><\/div>\n\n\n\n<h6 class=\"wp-block-heading\">Informaci\u00f3n actualizada a marzo 2026.<\/h6>\n<\/div>\n\n\n\n<div class=\"wp-block-column is-layout-flow\" style=\"flex-basis:33.33%\">\n\n<div style=\"background-color: #ffffff; padding: 30px; border-radius: 4px; border-top: 3px solid #00204d; max-width: 700px; font-family: 'Helvetica Neue', Helvetica, Arial, sans-serif; box-shadow: 0 4px 15px rgba(0,0,0,0.05);\">\n    \n    <div style=\"margin-bottom: 25px;\">\n        <span style=\"font-size: 12px; letter-spacing: 1.5px; color: #888; text-transform: uppercase;\">Portal de Transparencia<\/span>\n        <h3 style=\"margin: 5px 0 0 0; font-weight: 300; color: #333; font-size: 22px;\">\u00cdtems Tem\u00e1ticos<\/h3>\n    <\/div>\n\n    <div style=\"display: grid; grid-template-columns: repeat(auto-fit, minmax(280px, 1fr)); gap: 15px;\">\n        \n        <a href=\"https:\/\/www.coneau.gob.ar\/coneau\/mision-y-servicios\/\"  class=\"btn-transparencia\" style=\"display: flex; align-items: center; padding: 14px 20px; background: #fff; border: 1px solid #eaeaea; border-radius: 2px; text-decoration: none; color: #555; font-size: 12px; transition: all 0.3s ease; letter-spacing: 0.3px;\">\n            <span style=\"width: 8px; height: 8px; background: #00204d; border-radius: 50%; margin-right: 12px; opacity: 0.6;\"><\/span>\n            MISI\u00d3N Y SERVICIOS A LA CIUDADAN\u00cdA\n        <\/a>\n\n        <a href=\"https:\/\/www.coneau.gob.ar\/coneau\/participacion-ciudadana\/\" class=\"btn-transparencia\" style=\"display: flex; align-items: center; padding: 14px 20px; background: #fff; border: 1px solid #eaeaea; border-radius: 2px; text-decoration: none; color: #555; font-size: 12px; transition: all 0.3s ease; letter-spacing: 0.3px;\">\n            <span style=\"width: 8px; height: 8px; background: #00204d; border-radius: 50%; margin-right: 12px; opacity: 0.6;\"><\/span>\n            PARTICIPACI\u00d3N CIUDADANA\n        <\/a>\n\n        <a href=\"https:\/\/www.coneau.gob.ar\/coneau\/organigrama-autoridades-y-personal\/\" class=\"btn-transparencia\" style=\"display: flex; align-items: center; padding: 14px 20px; background: #fff; border: 1px solid #eaeaea; border-radius: 2px; text-decoration: none; color: #555; font-size: 12px; transition: all 0.3s ease; letter-spacing: 0.3px;\">\n            <span style=\"width: 8px; height: 8px; background: #00204d; border-radius: 50%; margin-right: 12px; opacity: 0.6;\"><\/span>\n            ORGANIGRAMA, AUTORIDADES Y PERSONAL\n        <\/a>\n\n        <a href=\"https:\/\/www.coneau.gob.ar\/coneau\/declaraciones-juradas\/\" class=\"btn-transparencia\" style=\"display: flex; align-items: center; padding: 14px 20px; background: #fff; border: 1px solid #eaeaea; border-radius: 2px; text-decoration: none; color: #555; font-size: 12px; transition: all 0.3s ease; letter-spacing: 0.3px;\">\n            <span style=\"width: 8px; height: 8px; background: #00204d; border-radius: 50%; margin-right: 12px; opacity: 0.6;\"><\/span>\n            DECLARACIONES JURADAS\n        <\/a>\n\n        <a class=\"btn-transparencia btn-activo\" style=\"display: flex; align-items: center; padding: 14px 20px; background: #fff; border: 1px solid #eaeaea; border-radius: 2px; text-decoration: none; color: #555; font-size: 12px; transition: all 0.3s ease; letter-spacing: 0.3px;\">\n            <span style=\"width: 8px; height: 8px; background: #00204d; border-radius: 50%; margin-right: 12px; opacity: 0.6;\"><\/span>\n            ESCALAS SALARIALES\n        <\/a>\n\n        <a href=\"https:\/\/www.coneau.gob.ar\/coneau\/presupuesto\/\" class=\"btn-transparencia\" style=\"display: flex; align-items: center; padding: 14px 20px; background: #fff; border: 1px solid #eaeaea; border-radius: 2px; text-decoration: none; color: #555; font-size: 12px; transition: all 0.3s ease; letter-spacing: 0.3px;\">\n            <span style=\"width: 8px; height: 8px; background: #00204d; border-radius: 50%; margin-right: 12px; opacity: 0.6;\"><\/span>\n            PRESUPUESTO\n        <\/a>\n\n        <a href=\"https:\/\/www.coneau.gob.ar\/coneau\/transferencias\/\" class=\"btn-transparencia\" style=\"display: flex; align-items: center; padding: 14px 20px; background: #fff; border: 1px solid #eaeaea; border-radius: 2px; text-decoration: none; color: #555; font-size: 12px; transition: all 0.3s ease; letter-spacing: 0.3px;\">\n            <span style=\"width: 8px; height: 8px; background: #00204d; border-radius: 50%; margin-right: 12px; opacity: 0.6;\"><\/span>\n            TRANSFERENCIAS\n        <\/a>\n\n        <a href=\"https:\/\/www.coneau.gob.ar\/coneau\/compras-y-contrataciones-2\/\" class=\"btn-transparencia\" style=\"display: flex; align-items: center; padding: 14px 20px; background: #fff; border: 1px solid #eaeaea; border-radius: 2px; text-decoration: none; color: #555; font-size: 12px; transition: all 0.3s ease; letter-spacing: 0.3px;\">\n            <span style=\"width: 8px; height: 8px; background: #00204d; border-radius: 50%; margin-right: 12px; opacity: 0.6;\"><\/span>\n            COMPRAS Y CONTRATACIONES\n        <\/a>\n\n        <a href=\"https:\/\/www.coneau.gob.ar\/coneau\/gestion-de-la-informacion\/\" class=\"btn-transparencia\" style=\"display: flex; align-items: center; padding: 14px 20px; background: #fff; border: 1px solid #eaeaea; border-radius: 2px; text-decoration: none; color: #555; font-size: 12px; transition: all 0.3s ease; letter-spacing: 0.3px;\">\n            <span style=\"width: 8px; height: 8px; background: #00204d; border-radius: 50%; margin-right: 12px; opacity: 0.6;\"><\/span>\n            GESTI\u00d3N DE LA INFORMACI\u00d3N\n        <\/a>\n\n        <a href=\"https:\/\/www.coneau.gob.ar\/coneau\/actos-administrativos\/\" class=\"btn-transparencia\" style=\"display: flex; align-items: center; padding: 14px 20px; background: #fff; border: 1px solid #eaeaea; border-radius: 2px; text-decoration: none; color: #555; font-size: 12px; transition: all 0.3s ease; letter-spacing: 0.3px;\">\n            <span style=\"width: 8px; height: 8px; background: #00204d; border-radius: 50%; margin-right: 12px; opacity: 0.6;\"><\/span>\n            ACTOS ADMINISTRATIVOS\n        <\/a>\n\n        <a href=\"https:\/\/www.coneau.gob.ar\/coneau\/auditorias-y-evaluaciones\/\" class=\"btn-transparencia\" style=\"display: flex; align-items: center; padding: 14px 20px; background: #fff; border: 1px solid #eaeaea; border-radius: 2px; text-decoration: none; color: #555; font-size: 12px; transition: all 0.3s ease; letter-spacing: 0.3px;\">\n            <span style=\"width: 8px; height: 8px; background: #00204d; border-radius: 50%; margin-right: 12px; opacity: 0.6;\"><\/span>\n            AUDITOR\u00cdAS Y EVALUACIONES\n        <\/a>\n        <a href=\"https:\/\/www.coneau.gob.ar\/coneau\/permisos-y-concesiones\/\" class=\"btn-transparencia\" style=\"display: flex; align-items: center; padding: 14px 20px; background: #fff; border: 1px solid #eaeaea; border-radius: 2px; text-decoration: none; color: #555; font-size: 12px; transition: all 0.3s ease; letter-spacing: 0.3px;\">\n            <span style=\"width: 8px; height: 8px; background: #00204d; border-radius: 50%; margin-right: 12px; opacity: 0.6;\"><\/span>\n            PERMISOS Y CONCESIONES\n        <\/a>\n\n        <a href=\"https:\/\/www.coneau.gob.ar\/coneau\/obsequios-y-viajes\/\" class=\"btn-transparencia\" style=\"display: flex; align-items: center; padding: 14px 20px; background: #fff; border: 1px solid #eaeaea; border-radius: 2px; text-decoration: none; color: #555; font-size: 12px; transition: all 0.3s ease; letter-spacing: 0.3px;\">\n            <span style=\"width: 8px; height: 8px; background: #00204d; border-radius: 50%; margin-right: 12px; opacity: 0.6;\"><\/span>\n            OBSEQUIOS Y VIAJES\n        <\/a>\n\n        <a href=\"https:\/\/www.coneau.gob.ar\/coneau\/acordadas-y-sentencias\/\" class=\"btn-transparencia\" style=\"display: flex; align-items: center; padding: 14px 20px; background: #fff; border: 1px solid #eaeaea; border-radius: 2px; text-decoration: none; color: #555; font-size: 12px; transition: all 0.3s ease; letter-spacing: 0.3px;\">\n            <span style=\"width: 8px; height: 8px; background: #00204d; border-radius: 50%; margin-right: 12px; opacity: 0.6;\"><\/span>\n            ACORDADAS Y SENTENCIAS\n        <\/a>\n        <a href=\"https:\/\/www.coneau.gob.ar\/coneau\/solicitar-informacion\/\" class=\"btn-transparencia\" style=\"display: flex; align-items: center; padding: 14px 20px; background: #fff; border: 1px solid #eaeaea; border-radius: 2px; text-decoration: none; color: #555; font-size: 12px; transition: all 0.3s ease; letter-spacing: 0.3px;\">\n            <span style=\"width: 8px; height: 8px; background: #00204d; border-radius: 50%; margin-right: 12px; opacity: 0.6;\"><\/span>\n       SOLICITAR INFORMACI\u00d3N\n        <\/a>\n\n        <a href=\"https:\/\/www.coneau.gob.ar\/coneau\/catalogo-de-datos-abiertos\/\" class=\"btn-transparencia\" style=\"display: flex; align-items: center; padding: 14px 20px; background: #fff; border: 1px solid #eaeaea; border-radius: 2px; text-decoration: none; color: #555; font-size: 12px; transition: all 0.3s ease; letter-spacing: 0.3px;\">\n            <span style=\"width: 8px; height: 8px; background: #00204d; border-radius: 50%; margin-right: 12px; opacity: 0.6;\"><\/span>\n            CAT\u00c1LOGO DE DATOS P\u00daBLICOS\n        <\/a>\n        <a href=\"https:\/\/www.coneau.gob.ar\/coneau\/transparencia-proactiva\/\" class=\"btn-transparencia\" style=\"display: flex; align-items: center; padding: 14px 20px; background: #fff; border: 1px solid #eaeaea; border-radius: 2px; text-decoration: none; color: #555; font-size: 12px; transition: all 0.3s ease; letter-spacing: 0.3px;\">\n            <span style=\"width: 8px; height: 8px; background: #00204d; border-radius: 50%; margin-right: 12px; opacity: 0.6;\"><\/span>\n            TRANSPARENCIA PROACTIVA\n        <\/a>\n    <\/div>\n<\/div>\n\n<style>\n    .btn-transparencia:hover {\n        border-color: #208811 !important;\n        background-color: #f9fff9 !important;\n        color: #208811 !important;\n        transform: translateY(-2px);\n        box-shadow: 0 4px 8px rgba(0,0,0,0.05);\n    }\n\/* ESTILO PARA EL BOT\u00d3N ACTIVO (Usted est\u00e1 aqu\u00ed) *\/\n    .btn-activo {\n        background-color: #00204d !important;\n        color: #ffffff !important;\n        border-color: #00204d !important;\n        cursor: default !important;\n        pointer-events: none; \/* Deshabilita el click *\/\n    }\n\n    \/* Cambia el color del puntito a blanco en el bot\u00f3n activo *\/\n    .btn-activo .dot {\n        background-color: #ffffff !important;\n        opacity: 1 !important;\n<\/style>\n\n\n<\/div>\n<\/div>\n\n\n\n<ul>\n<li><a rel=\"noreferrer noopener\" href=\"https:\/\/www.coneau.gob.ar\/coneau\/transparencia-coneau\/\" data-type=\"URL\" data-id=\"https:\/\/www.coneau.gob.ar\/coneau\/transparencia-coneau\/\" target=\"_blank\">Transparencia<\/a><\/li>\n\n\n\n<li><a rel=\"noreferrer noopener\" href=\"https:\/\/www.coneau.gob.ar\/coneau\/participacion-ciudadana\/\" data-type=\"URL\" data-id=\"https:\/\/www.coneau.gob.ar\/coneau\/participacion-ciudadana\/\" target=\"_blank\">Participaci\u00f3n ciudadana<\/a><\/li>\n\n\n\n<li><a rel=\"noreferrer noopener\" href=\"https:\/\/www.coneau.gob.ar\/coneau\/organigrama-autoridades-y-personal\/\" data-type=\"URL\" data-id=\"https:\/\/www.coneau.gob.ar\/coneau\/organigrama-autoridades-y-personal\/\" target=\"_blank\">Organigrama, autoridades y<\/a> <a href=\"https:\/\/www.coneau.gob.ar\/coneau\/organigrama-autoridades-y-personal\/\" data-type=\"URL\" data-id=\"https:\/\/www.coneau.gob.ar\/coneau\/organigrama-autoridades-y-personal\/\" target=\"_blank\" rel=\"noreferrer noopener\">personal<\/a><\/li>\n\n\n\n<li><a rel=\"noreferrer noopener\" href=\"https:\/\/www.coneau.gob.ar\/coneau\/declaraciones-juradas\/\" data-type=\"URL\" data-id=\"https:\/\/www.coneau.gob.ar\/coneau\/declaraciones-juradas\/\" target=\"_blank\">Declaraciones juradas<\/a><\/li>\n\n\n\n<li><a href=\"https:\/\/www.coneau.gob.ar\/coneau\/presupuesto\/\" data-type=\"URL\" data-id=\"https:\/\/www.coneau.gob.ar\/coneau\/presupuesto\/\" target=\"_blank\" rel=\"noreferrer noopener\">Presupuesto<\/a><\/li>\n\n\n\n<li><a href=\"https:\/\/www.coneau.gob.ar\/coneau\/transferencias\/\" data-type=\"URL\" data-id=\"https:\/\/www.coneau.gob.ar\/coneau\/transferencias\/\" target=\"_blank\" rel=\"noreferrer noopener\">Transferencias<\/a><\/li>\n\n\n\n<li><a href=\"https:\/\/www.coneau.gob.ar\/coneau\/compras-y-contrataciones-2\/\" data-type=\"URL\" data-id=\"https:\/\/www.coneau.gob.ar\/coneau\/compras-y-contrataciones-2\/\" target=\"_blank\" rel=\"noreferrer noopener\">Compras y contrataciones<\/a><\/li>\n\n\n\n<li><a href=\"https:\/\/www.coneau.gob.ar\/coneau\/gestion-de-la-informacion\/\" data-type=\"URL\" data-id=\"https:\/\/www.coneau.gob.ar\/coneau\/gestion-de-la-informacion\/\" target=\"_blank\" rel=\"noreferrer noopener\">Gesti\u00f3n de la informaci\u00f3n<\/a><\/li>\n\n\n\n<li><a href=\"https:\/\/www.coneau.gob.ar\/coneau\/actos-administrativos\/\" data-type=\"URL\" data-id=\"https:\/\/www.coneau.gob.ar\/coneau\/actos-administrativos\/\" target=\"_blank\" rel=\"noreferrer noopener\">Actos administrativos<\/a><\/li>\n\n\n\n<li><a href=\"https:\/\/www.coneau.gob.ar\/coneau\/auditorias-y-evaluaciones\/\" data-type=\"URL\" data-id=\"https:\/\/www.coneau.gob.ar\/coneau\/auditorias-y-evaluaciones\/\" target=\"_blank\" rel=\"noreferrer noopener\">Auditor\u00edas y evaluaciones<\/a><\/li>\n\n\n\n<li><a href=\"https:\/\/www.coneau.gob.ar\/coneau\/permisos-y-concesiones\/\" data-type=\"URL\" data-id=\"https:\/\/www.coneau.gob.ar\/coneau\/permisos-y-concesiones\/\" target=\"_blank\" rel=\"noreferrer noopener\">Permisos y<\/a> <a href=\"https:\/\/www.coneau.gob.ar\/coneau\/permisos-y-concesiones\/\" data-type=\"URL\" data-id=\"https:\/\/www.coneau.gob.ar\/coneau\/permisos-y-concesiones\/\" target=\"_blank\" rel=\"noreferrer noopener\">concesiones<\/a><\/li>\n\n\n\n<li><a href=\"https:\/\/www.coneau.gob.ar\/coneau\/obsequios-y-viajes\/\" data-type=\"URL\" data-id=\"https:\/\/www.coneau.gob.ar\/coneau\/obsequios-y-viajes\/\" target=\"_blank\" rel=\"noreferrer noopener\">Obsequios y viajes<\/a><\/li>\n\n\n\n<li><a href=\"https:\/\/www.coneau.gob.ar\/coneau\/acordadas-y-sentencias\/\" data-type=\"URL\" data-id=\"https:\/\/www.coneau.gob.ar\/coneau\/acordadas-y-sentencias\/\" target=\"_blank\" rel=\"noreferrer noopener\">Acordadas y sentencias<\/a><\/li>\n\n\n\n<li><a href=\"https:\/\/www.coneau.gob.ar\/coneau\/solicitar-informacion\/\" data-type=\"URL\" data-id=\"https:\/\/www.coneau.gob.ar\/coneau\/solicitar-informacion\/\" target=\"_blank\" rel=\"noreferrer noopener\">Solicitar informaci\u00f3n<\/a><\/li>\n\n\n\n<li><a href=\"https:\/\/www.coneau.gob.ar\/coneau\/catalogo-de-datos-abiertos\/\" data-type=\"URL\" data-id=\"https:\/\/www.coneau.gob.ar\/coneau\/catalogo-de-datos-abiertos\/\" target=\"_blank\" rel=\"noreferrer noopener\">Cat\u00e1logo de datos abiertos<\/a><\/li>\n\n\n\n<li><a href=\"https:\/\/www.coneau.gob.ar\/coneau\/transparencia-proactiva\/\" data-type=\"URL\" data-id=\"https:\/\/www.coneau.gob.ar\/coneau\/transparencia-proactiva\/\" target=\"_blank\" rel=\"noreferrer noopener\">Transparencia proactiva<\/a><\/li>\n<\/ul>\n","protected":false},"excerpt":{"rendered":"<p>La Comisi\u00f3n Nacional de Evaluaci\u00f3n y Acreditaci\u00f3n Universitaria pone a disposici\u00f3n las escalas salariales del personal actualizadas de todos los convenios con los que se rige. Asignaci\u00f3n salarial mensual bruta de las Autoridades Superiores del Poder Ejecutivo Nacional. Sistema Nacional de Empleo P\u00fablico &#8211; SINEP (Decreto N\u00b0 2098\/08) El Sistema Nacional de Empleo P\u00fablico (SINEP) &hellip; <a href=\"https:\/\/www.coneau.gob.ar\/coneau\/escalas-salariales\/\" class=\"more-link\">Seguir leyendo <span class=\"screen-reader-text\">Escalas salariales<\/span> <span class=\"meta-nav\">&rarr;<\/span><\/a><\/p>\n","protected":false},"author":2,"featured_media":12186,"parent":0,"menu_order":0,"comment_status":"closed","ping_status":"closed","template":"","meta":[],"acf":[],"_links":{"self":[{"href":"https:\/\/www.coneau.gob.ar\/coneau\/wp-json\/wp\/v2\/pages\/12293"}],"collection":[{"href":"https:\/\/www.coneau.gob.ar\/coneau\/wp-json\/wp\/v2\/pages"}],"about":[{"href":"https:\/\/www.coneau.gob.ar\/coneau\/wp-json\/wp\/v2\/types\/page"}],"author":[{"embeddable":true,"href":"https:\/\/www.coneau.gob.ar\/coneau\/wp-json\/wp\/v2\/users\/2"}],"replies":[{"embeddable":true,"href":"https:\/\/www.coneau.gob.ar\/coneau\/wp-json\/wp\/v2\/comments?post=12293"}],"version-history":[{"count":9,"href":"https:\/\/www.coneau.gob.ar\/coneau\/wp-json\/wp\/v2\/pages\/12293\/revisions"}],"predecessor-version":[{"id":14306,"href":"https:\/\/www.coneau.gob.ar\/coneau\/wp-json\/wp\/v2\/pages\/12293\/revisions\/14306"}],"wp:featuredmedia":[{"embeddable":true,"href":"https:\/\/www.coneau.gob.ar\/coneau\/wp-json\/wp\/v2\/media\/12186"}],"wp:attachment":[{"href":"https:\/\/www.coneau.gob.ar\/coneau\/wp-json\/wp\/v2\/media?parent=12293"}],"curies":[{"name":"wp","href":"https:\/\/api.w.org\/{rel}","templated":true}]}}